Last updated on 2024-04-19 22:56:06 CEST.
Flavor | Version | Tinstall | Tcheck | Ttotal | Status | Flags |
---|---|---|---|---|---|---|
r-devel-linux-x86_64-debian-clang | 0.8.1 | 20.31 | 52.22 | 72.53 | NOTE | |
r-devel-linux-x86_64-debian-gcc | 0.8.1 | NOTE | ||||
r-devel-linux-x86_64-fedora-clang | 0.8.1 | 104.65 | NOTE | |||
r-devel-linux-x86_64-fedora-gcc | 0.8.1 | 115.00 | NOTE | |||
r-prerel-macos-arm64 | 0.8.1 | 33.00 | NOTE | |||
r-prerel-windows-x86_64 | 0.8.1 | 20.00 | 63.00 | 83.00 | NOTE | |
r-patched-linux-x86_64 | 0.8.1 | 22.33 | 50.45 | 72.78 | NOTE | |
r-release-linux-x86_64 | 0.8.1 | 17.28 | 49.46 | 66.74 | OK | |
r-release-macos-arm64 | 0.8.1 | 34.00 | OK | |||
r-release-macos-x86_64 | 0.8.1 | 58.00 | NOTE | |||
r-release-windows-x86_64 | 0.8.1 | 34.00 | 66.00 | 100.00 | OK | |
r-oldrel-macos-arm64 | 0.8.1 | 29.00 | OK | |||
r-oldrel-windows-x86_64 | 0.8.1 | 32.00 | 77.00 | 109.00 | OK |
Version: 0.8.1
Check: Rd files
Result: NOTE
checkRd: (-1) Sim-Functions.Rd:99: Lost braces in \itemize; meant \describe ?
checkRd: (-1) Sim-Functions.Rd:100-102: Lost braces in \itemize; meant \describe ?
checkRd: (-1) Sim-Functions.Rd:108: Lost braces in \itemize; meant \describe ?
checkRd: (-1) Sim-Functions.Rd:109-110: Lost braces in \itemize; meant \describe ?
checkRd: (-1) Sim-Functions.Rd:111-113: Lost braces in \itemize; meant \describe ?
checkRd: (-1) Sim-Functions.Rd:114-116: Lost braces in \itemize; meant \describe ?
Flavors: r-devel-linux-x86_64-debian-clang, r-devel-linux-x86_64-debian-gcc, r-devel-linux-x86_64-fedora-clang, r-devel-linux-x86_64-fedora-gcc, r-prerel-macos-arm64, r-prerel-windows-x86_64, r-patched-linux-x86_64
Version: 0.8.1
Check: package dependencies
Result: NOTE
Package suggested but not available for checking: ‘competitiontoolbox’
Flavor: r-release-macos-x86_64
Version: 0.8.1
Check: Rd cross-references
Result: NOTE
Package unavailable to check Rd xrefs: ‘competitiontoolbox’
Flavor: r-release-macos-x86_64