CRAN Package Check Results for Package trafo

Last updated on 2021-09-25 22:54:23 CEST.

Flavor Version Tinstall Tcheck Ttotal Status Flags
r-devel-linux-x86_64-debian-clang 1.0.1 6.32 56.31 62.63 NOTE
r-devel-linux-x86_64-debian-gcc 1.0.1 5.63 42.99 48.62 NOTE
r-devel-linux-x86_64-fedora-clang 1.0.1 85.34 NOTE
r-devel-linux-x86_64-fedora-gcc 1.0.1 74.41 NOTE
r-devel-windows-x86_64 1.0.1 8.00 63.00 71.00 NOTE
r-devel-windows-x86_64-gcc10-UCRT 1.0.1 NOTE
r-patched-linux-x86_64 1.0.1 7.67 54.77 62.44 NOTE
r-patched-solaris-x86 1.0.1 102.20 NOTE
r-release-linux-x86_64 1.0.1 6.56 54.53 61.09 NOTE
r-release-macos-arm64 1.0.1 NOTE
r-release-macos-x86_64 1.0.1 NOTE
r-release-windows-ix86+x86_64 1.0.1 15.00 59.00 74.00 NOTE
r-oldrel-macos-x86_64 1.0.1 OK
r-oldrel-windows-ix86+x86_64 1.0.1 10.00 60.00 70.00 OK

Check Details

Version: 1.0.1
Check: LazyData
Result: NOTE
     'LazyData' is specified without a 'data' directory
Flavors: r-devel-linux-x86_64-debian-clang, r-devel-linux-x86_64-debian-gcc, r-devel-linux-x86_64-fedora-clang, r-devel-linux-x86_64-fedora-gcc, r-devel-windows-x86_64, r-devel-windows-x86_64-gcc10-UCRT, r-patched-linux-x86_64, r-patched-solaris-x86, r-release-linux-x86_64, r-release-macos-arm64, r-release-macos-x86_64, r-release-windows-ix86+x86_64