CRAN Package Check Results for Package traineR

Last updated on 2021-05-06 22:55:39 CEST.

Flavor Version Tinstall Tcheck Ttotal Status Flags
r-devel-linux-x86_64-debian-clang 1.6.1 15.21 152.23 167.44 OK
r-devel-linux-x86_64-debian-gcc 1.6.1 13.22 115.78 129.00 OK
r-devel-linux-x86_64-fedora-clang 1.6.1 206.68 OK
r-devel-linux-x86_64-fedora-gcc 1.6.1 194.21 OK
r-devel-windows-ix86+x86_64 1.0.1 40.00 117.00 157.00 NOTE
r-devel-windows-x86_64-gcc10-UCRT 1.6.1 OK
r-patched-linux-x86_64 1.6.1 15.27 144.14 159.41 OK
r-patched-solaris-x86 1.6.1 298.70 OK
r-release-linux-x86_64 1.6.1 14.67 141.71 156.38 OK
r-release-macos-x86_64 1.6.1 OK
r-release-windows-ix86+x86_64 1.6.1 37.00 120.00 157.00 OK
r-oldrel-macos-x86_64 1.6.1 OK
r-oldrel-windows-ix86+x86_64 1.0.1 21.00 113.00 134.00 OK

Check Details

Version: 1.0.1
Check: LazyData
Result: NOTE
     'LazyData' is specified without a 'data' directory
Flavor: r-devel-windows-ix86+x86_64