Last updated on 2023-11-29 23:02:53 CET.
Flavor | Version | Tinstall | Tcheck | Ttotal | Status | Flags |
---|---|---|---|---|---|---|
r-devel-linux-x86_64-debian-clang | 1.0.5 | 138.51 | 277.24 | 415.75 | WARN | |
r-devel-linux-x86_64-debian-gcc | 1.0.5 | 125.52 | 199.55 | 325.07 | OK | |
r-devel-linux-x86_64-fedora-clang | 1.0.5 | 428.72 | OK | |||
r-devel-linux-x86_64-fedora-gcc | 1.0.5 | 598.12 | OK | |||
r-devel-windows-x86_64 | 1.0.5 | 98.00 | 281.00 | 379.00 | NOTE | |
r-patched-linux-x86_64 | 1.0.5 | 138.89 | 264.37 | 403.26 | OK | |
r-release-linux-x86_64 | 1.0.5 | 116.60 | 262.16 | 378.76 | OK | |
r-release-macos-arm64 | 1.0.5 | 123.00 | NOTE | |||
r-release-macos-x86_64 | 1.0.5 | 314.00 | NOTE | |||
r-release-windows-x86_64 | 1.0.5 | 131.00 | 330.00 | 461.00 | NOTE | |
r-oldrel-macos-arm64 | 1.0.5 | 143.00 | NOTE | |||
r-oldrel-macos-x86_64 | 1.0.5 | 193.00 | NOTE | |||
r-oldrel-windows-x86_64 | 1.0.5 | 120.00 | 319.00 | 439.00 | NOTE |
Version: 1.0.5
Check: whether package can be installed
Result: WARN
Found the following significant warnings:
/home/hornik/tmp/R.check/r-devel-clang/Work/build/Packages/TMB/include/toggle_thread_safe_R.hpp:157:16: warning: format string is not a string literal (potentially insecure) [-Wformat-security]
See ‘/home/hornik/tmp/R.check/r-devel-clang/Work/PKGS/tramME.Rcheck/00install.out’ for details.
* used C++ compiler: ‘Debian clang version 17.0.5 (1)’
Flavor: r-devel-linux-x86_64-debian-clang
Version: 1.0.5
Check: installed package size
Result: NOTE
installed size is 16.0Mb
sub-directories of 1Mb or more:
doc 2.1Mb
libs 13.3Mb
Flavors: r-devel-windows-x86_64, r-release-macos-arm64, r-release-macos-x86_64, r-release-windows-x86_64, r-oldrel-macos-arm64, r-oldrel-macos-x86_64, r-oldrel-windows-x86_64