CRAN Package Check Results for Package tramnet

Last updated on 2024-06-13 22:49:48 CEST.

Flavor Version Tinstall Tcheck Ttotal Status Flags
r-devel-linux-x86_64-debian-clang 0.0-8 22.28 392.81 415.09 OK
r-devel-linux-x86_64-debian-gcc 0.0-8 0.64 1.93 2.57 ERROR
r-devel-linux-x86_64-fedora-clang 0.0-8 391.56 OK
r-devel-linux-x86_64-fedora-gcc 0.0-8 380.64 OK
r-devel-windows-x86_64 0.0-8 18.00 308.00 326.00 OK
r-patched-linux-x86_64 0.0-8 16.59 375.13 391.72 OK
r-release-linux-x86_64 0.0-8 16.73 377.56 394.29 OK
r-release-macos-arm64 0.0-8 156.00 OK
r-release-macos-x86_64 0.0-8 223.00 OK
r-release-windows-x86_64 0.0-8 18.00 317.00 335.00 OK
r-oldrel-macos-arm64 0.0-8 277.00 OK
r-oldrel-macos-x86_64 0.0-8 328.00 OK
r-oldrel-windows-x86_64 0.0-8 22.00 446.00 468.00 OK

Check Details

Version: 0.0-8
Check: package dependencies
Result: ERROR Packages required but not available: 'tram', 'mlrMBO', 'mlt', 'mlr', 'smoof' Packages suggested but not available for checking: 'trtf', 'kableExtra', 'tbm' See section ‘The DESCRIPTION file’ in the ‘Writing R Extensions’ manual. Flavor: r-devel-linux-x86_64-debian-gcc