CRAN Package Check Results for Package transforEmotion

Last updated on 2024-02-22 21:51:56 CET.

Flavor Version Tinstall Tcheck Ttotal Status Flags
r-devel-linux-x86_64-debian-clang 0.1.4 OK
r-devel-linux-x86_64-debian-gcc 0.1.4 9.38 87.99 97.37 OK
r-devel-linux-x86_64-fedora-clang 0.1.4 155.60 NOTE
r-devel-linux-x86_64-fedora-gcc 0.1.4 159.58 NOTE
r-devel-windows-x86_64 0.1.4 11.00 107.00 118.00 OK
r-patched-linux-x86_64 0.1.4 8.90 111.95 120.85 OK
r-release-linux-x86_64 0.1.4 7.87 111.32 119.19 OK
r-release-macos-arm64 0.1.4 57.00 OK
r-release-macos-x86_64 0.1.4 114.00 OK
r-release-windows-x86_64 0.1.4 14.00 133.00 147.00 OK
r-oldrel-macos-arm64 0.1.4 52.00 OK
r-oldrel-windows-x86_64 0.1.4 15.00 125.00 140.00 OK

Check Details

Version: 0.1.4
Check: data for non-ASCII characters
Result: NOTE Note: found 827 marked UTF-8 strings Flavors: r-devel-linux-x86_64-fedora-clang, r-devel-linux-x86_64-fedora-gcc