Last updated on 2023-09-28 23:09:01 CEST.
Flavor | Version | Tinstall | Tcheck | Ttotal | Status | Flags |
---|---|---|---|---|---|---|
r-devel-linux-x86_64-debian-clang | 0.0.1 | 3.81 | 63.20 | 67.01 | NOTE | |
r-devel-linux-x86_64-debian-gcc | 0.0.1 | 3.23 | 47.27 | 50.50 | NOTE | |
r-devel-linux-x86_64-fedora-clang | 0.0.1 | 79.11 | NOTE | |||
r-devel-linux-x86_64-fedora-gcc | 0.0.1 | 95.17 | NOTE | |||
r-devel-windows-x86_64 | 0.0.1 | 6.00 | 82.00 | 88.00 | NOTE | |
r-patched-linux-x86_64 | 0.0.1 | 4.21 | 60.70 | 64.91 | NOTE | |
r-release-linux-x86_64 | 0.0.1 | 3.89 | 60.78 | 64.67 | NOTE | |
r-release-macos-arm64 | 0.0.1 | 35.00 | NOTE | |||
r-release-macos-x86_64 | 0.0.1 | 54.00 | NOTE | |||
r-release-windows-x86_64 | 0.0.1 | 5.00 | 85.00 | 90.00 | NOTE | |
r-oldrel-macos-arm64 | 0.0.1 | 31.00 | NOTE | |||
r-oldrel-macos-x86_64 | 0.0.1 | 38.00 | NOTE | |||
r-oldrel-windows-x86_64 | 0.0.1 | 7.00 | 81.00 | 88.00 | NOTE |
Version: 0.0.1
Check: LazyData
Result: NOTE
'LazyData' is specified without a 'data' directory
Flavors: r-devel-linux-x86_64-debian-clang, r-devel-linux-x86_64-debian-gcc, r-devel-linux-x86_64-fedora-clang, r-devel-linux-x86_64-fedora-gcc, r-devel-windows-x86_64, r-patched-linux-x86_64, r-release-linux-x86_64, r-release-macos-arm64, r-release-macos-x86_64, r-release-windows-x86_64, r-oldrel-macos-arm64, r-oldrel-macos-x86_64, r-oldrel-windows-x86_64