CRAN Package Check Results for Package treeclim

Last updated on 2021-08-04 22:55:38 CEST.

Flavor Version Tinstall Tcheck Ttotal Status Flags
r-devel-linux-x86_64-debian-clang 2.0.5.1 133.15 174.56 307.71 OK
r-devel-linux-x86_64-debian-gcc 2.0.5.1 89.79 123.47 213.26 OK
r-devel-linux-x86_64-fedora-clang 2.0.5.1 393.26 NOTE
r-devel-linux-x86_64-fedora-gcc 2.0.5.1 368.38 OK
r-devel-windows-x86_64 2.0.5.1 119.00 200.00 319.00 OK
r-devel-windows-x86_64-gcc10-UCRT 2.0.5.1 OK
r-patched-linux-x86_64 2.0.5.1 103.09 160.48 263.57 OK
r-patched-solaris-x86 2.0.5.1 413.10 OK
r-release-linux-x86_64 2.0.5.1 107.19 159.06 266.25 OK
r-release-macos-arm64 2.0.5.1 OK
r-release-macos-x86_64 2.0.5.1 OK
r-release-windows-ix86+x86_64 2.0.5.1 296.00 227.00 523.00 OK
r-oldrel-macos-x86_64 2.0.5.1 OK
r-oldrel-windows-ix86+x86_64 2.0.5.1 224.00 313.00 537.00 OK

Check Details

Version: 2.0.5.1
Check: installed package size
Result: NOTE
     installed size is 5.1Mb
     sub-directories of 1Mb or more:
     libs 4.7Mb
Flavor: r-devel-linux-x86_64-fedora-clang

Version: 2.0.5.1
Check: Rd cross-references
Result: NOTE
    Undeclared package ‘dplR’ in Rd xrefs
Flavor: r-devel-linux-x86_64-fedora-clang