CRAN Package Check Results for Package treenomial

Last updated on 2021-09-25 22:54:23 CEST.

Flavor Version Tinstall Tcheck Ttotal Status Flags
r-devel-linux-x86_64-debian-clang 1.1.3 88.96 41.19 130.15 OK
r-devel-linux-x86_64-debian-gcc 1.1.3 63.40 32.45 95.85 OK
r-devel-linux-x86_64-fedora-clang 1.1.3 204.87 NOTE
r-devel-linux-x86_64-fedora-gcc 1.1.3 174.94 OK
r-devel-windows-x86_64 1.1.3 79.00 59.00 138.00 OK
r-devel-windows-x86_64-gcc10-UCRT 1.1.3 OK
r-patched-linux-x86_64 1.1.3 74.12 41.59 115.71 OK
r-patched-solaris-x86 1.1.3 166.80 OK
r-release-linux-x86_64 1.1.3 74.87 39.31 114.18 OK
r-release-macos-arm64 1.1.3 NOTE
r-release-macos-x86_64 1.1.3 NOTE
r-release-windows-ix86+x86_64 1.1.3 209.00 70.00 279.00 OK
r-oldrel-macos-x86_64 1.1.3 NOTE
r-oldrel-windows-ix86+x86_64 1.1.3 159.00 76.00 235.00 OK

Check Details

Version: 1.1.3
Check: installed package size
Result: NOTE
     installed size is 5.9Mb
     sub-directories of 1Mb or more:
     libs 5.7Mb
Flavors: r-devel-linux-x86_64-fedora-clang, r-release-macos-arm64, r-release-macos-x86_64, r-oldrel-macos-x86_64