CRAN Package Check Results for Package treenomial

Last updated on 2021-06-17 22:55:13 CEST.

Flavor Version Tinstall Tcheck Ttotal Status Flags
r-devel-linux-x86_64-debian-clang 1.1.3 92.05 41.94 133.99 OK
r-devel-linux-x86_64-debian-gcc 1.1.3 66.61 32.31 98.92 OK
r-devel-linux-x86_64-fedora-clang 1.1.3 195.06 NOTE
r-devel-linux-x86_64-fedora-gcc 1.1.3 167.26 OK
r-devel-windows-x86_64 1.1.3 111.00 56.00 167.00 OK
r-devel-windows-x86_64-gcc10-UCRT 1.1.3 OK
r-patched-linux-x86_64 1.1.3 76.96 39.62 116.58 OK
r-patched-solaris-x86 1.1.3 160.40 OK
r-release-linux-x86_64 1.1.3 73.49 41.10 114.59 OK
r-release-macos-arm64 1.1.3 NOTE
r-release-macos-x86_64 1.1.3 NOTE
r-release-windows-ix86+x86_64 1.1.3 206.00 94.00 300.00 OK
r-oldrel-macos-x86_64 1.1.3 NOTE
r-oldrel-windows-ix86+x86_64 1.1.3 159.00 103.00 262.00 OK

Check Details

Version: 1.1.3
Check: installed package size
Result: NOTE
     installed size is 6.1Mb
     sub-directories of 1Mb or more:
     libs 5.9Mb
Flavors: r-devel-linux-x86_64-fedora-clang, r-release-macos-arm64, r-release-macos-x86_64, r-oldrel-macos-x86_64