CRAN Package Check Results for Package treenomial

Last updated on 2022-08-12 22:56:12 CEST.

Flavor Version Tinstall Tcheck Ttotal Status Flags
r-devel-linux-x86_64-debian-clang 1.1.4 103.41 44.65 148.06 OK
r-devel-linux-x86_64-debian-gcc 1.1.4 79.24 34.01 113.25 OK
r-devel-linux-x86_64-fedora-clang 1.1.4 255.27 NOTE
r-devel-linux-x86_64-fedora-gcc 1.1.4 215.79 OK
r-devel-windows-x86_64 1.1.4 206.00 91.00 297.00 OK
r-patched-linux-x86_64 1.1.4 90.50 42.15 132.65 OK
r-release-linux-x86_64 1.1.4 90.58 42.42 133.00 OK
r-release-macos-arm64 1.1.4 54.00 NOTE
r-release-macos-x86_64 1.1.4 72.00 NOTE
r-release-windows-x86_64 1.1.4 86.00 94.00 180.00 OK
r-oldrel-macos-arm64 1.1.4 61.00 NOTE
r-oldrel-macos-x86_64 1.1.4 81.00 NOTE
r-oldrel-windows-ix86+x86_64 1.1.4 232.00 112.00 344.00 OK

Check Details

Version: 1.1.4
Check: installed package size
Result: NOTE
     installed size is 8.2Mb
     sub-directories of 1Mb or more:
     libs 8.1Mb
Flavors: r-devel-linux-x86_64-fedora-clang, r-release-macos-arm64, r-release-macos-x86_64, r-oldrel-macos-arm64, r-oldrel-macos-x86_64