CRAN Package Check Results for Package treenomial

Last updated on 2023-09-21 23:03:35 CEST.

Flavor Version Tinstall Tcheck Ttotal Status Flags
r-devel-linux-x86_64-debian-clang 1.1.4 110.33 44.02 154.35 NOTE
r-devel-linux-x86_64-debian-gcc 1.1.4 71.09 33.98 105.07 NOTE
r-devel-linux-x86_64-fedora-clang 1.1.4 231.84 NOTE
r-devel-linux-x86_64-fedora-gcc 1.1.4 225.02 NOTE
r-devel-windows-x86_64 1.1.4 76.00 78.00 154.00 NOTE
r-patched-linux-x86_64 1.1.4 101.52 44.15 145.67 NOTE
r-release-linux-x86_64 1.1.4 102.79 44.38 147.17 NOTE
r-release-macos-arm64 1.1.4 63.00 NOTE
r-release-macos-x86_64 1.1.4 96.00 NOTE
r-release-windows-x86_64 1.1.4 97.00 85.00 182.00 NOTE
r-oldrel-macos-arm64 1.1.4 54.00 NOTE
r-oldrel-macos-x86_64 1.1.4 72.00 NOTE
r-oldrel-windows-x86_64 1.1.4 95.00 79.00 174.00 OK

Check Details

Version: 1.1.4
Check: C++ specification
Result: NOTE
     Specified C++11: please drop specification unless essential
Flavors: r-devel-linux-x86_64-debian-clang, r-devel-linux-x86_64-debian-gcc, r-devel-linux-x86_64-fedora-clang, r-devel-linux-x86_64-fedora-gcc, r-devel-windows-x86_64, r-patched-linux-x86_64, r-release-linux-x86_64, r-release-macos-arm64, r-release-macos-x86_64, r-release-windows-x86_64

Version: 1.1.4
Check: installed package size
Result: NOTE
     installed size is 11.4Mb
     sub-directories of 1Mb or more:
     libs 11.2Mb
Flavors: r-release-macos-arm64, r-release-macos-x86_64, r-oldrel-macos-arm64, r-oldrel-macos-x86_64