Last updated on 2023-09-21 23:03:35 CEST.
Flavor | Version | Tinstall | Tcheck | Ttotal | Status | Flags |
---|---|---|---|---|---|---|
r-devel-linux-x86_64-debian-clang | 1.0.0 | 3.32 | 28.86 | 32.18 | OK | |
r-devel-linux-x86_64-debian-gcc | 1.0.0 | 2.21 | 22.64 | 24.85 | OK | |
r-devel-linux-x86_64-fedora-clang | 1.0.0 | 40.59 | NOTE | |||
r-devel-linux-x86_64-fedora-gcc | 1.0.0 | 51.74 | NOTE | |||
r-devel-windows-x86_64 | 1.0.0 | 5.00 | 48.00 | 53.00 | OK | |
r-patched-linux-x86_64 | 1.0.0 | 3.17 | 28.53 | 31.70 | OK | |
r-release-linux-x86_64 | 1.0.0 | 2.37 | 27.95 | 30.32 | OK | |
r-release-macos-arm64 | 1.0.0 | 25.00 | OK | |||
r-release-macos-x86_64 | 1.0.0 | 36.00 | OK | |||
r-release-windows-x86_64 | 1.0.0 | 5.00 | 46.00 | 51.00 | OK | |
r-oldrel-macos-arm64 | 1.0.0 | 17.00 | NOTE | |||
r-oldrel-macos-x86_64 | 1.0.0 | 23.00 | NOTE | |||
r-oldrel-windows-x86_64 | 1.0.0 | 4.00 | 48.00 | 52.00 | OK |
Version: 1.0.0
Check: dependencies in R code
Result: NOTE
Namespace in Imports field not imported from: ‘crul’
All declared Imports should be used.
Flavors: r-devel-linux-x86_64-fedora-clang, r-devel-linux-x86_64-fedora-gcc, r-oldrel-macos-arm64, r-oldrel-macos-x86_64