Last updated on 2024-04-18 22:53:04 CEST.
Flavor | Version | Tinstall | Tcheck | Ttotal | Status | Flags |
---|---|---|---|---|---|---|
r-devel-linux-x86_64-debian-clang | 0.1.0 | 13.89 | 150.86 | 164.75 | OK | |
r-devel-linux-x86_64-debian-gcc | 0.1.0 | 7.73 | 109.49 | 117.22 | OK | |
r-devel-linux-x86_64-fedora-clang | 0.1.0 | 199.26 | OK | |||
r-devel-linux-x86_64-fedora-gcc | 0.1.0 | 194.62 | OK | |||
r-prerel-macos-arm64 | 0.1.0 | 61.00 | OK | |||
r-prerel-windows-x86_64 | 0.1.0 | 11.00 | 118.00 | 129.00 | OK | |
r-patched-linux-x86_64 | 0.1.0 | 11.09 | 143.81 | 154.90 | OK | |
r-release-linux-x86_64 | 0.1.0 | 9.32 | 146.41 | 155.73 | OK | |
r-release-macos-arm64 | 0.1.0 | 65.00 | OK | |||
r-release-macos-x86_64 | 0.1.0 | 105.00 | NOTE | |||
r-release-windows-x86_64 | 0.1.0 | 14.00 | 145.00 | 159.00 | OK | |
r-oldrel-macos-arm64 | 0.1.0 | 58.00 | OK | |||
r-oldrel-windows-x86_64 | 0.1.0 | 14.00 | 143.00 | 157.00 | OK |
Version: 0.1.0
Check: package dependencies
Result: NOTE
Package suggested but not available for checking: ‘brms’
Flavor: r-release-macos-x86_64
Version: 0.1.0
Check: Rd cross-references
Result: NOTE
Package unavailable to check Rd xrefs: ‘brms’
Flavor: r-release-macos-x86_64