CRAN Package Check Results for Package trendyy

Last updated on 2024-06-13 22:49:48 CEST.

Flavor Version Tinstall Tcheck Ttotal Status Flags
r-devel-linux-x86_64-debian-clang 0.1.1 4.94 47.45 52.39 OK
r-devel-linux-x86_64-debian-gcc 0.1.1 0.28 1.65 1.93 ERROR
r-devel-linux-x86_64-fedora-clang 0.1.1 66.33 OK
r-devel-linux-x86_64-fedora-gcc 0.1.1 62.38 OK
r-devel-windows-x86_64 0.1.1 6.00 55.00 61.00 OK
r-patched-linux-x86_64 0.1.1 5.03 45.80 50.83 OK
r-release-linux-x86_64 0.1.1 5.34 44.87 50.21 OK
r-release-macos-arm64 0.1.1 25.00 OK
r-release-macos-x86_64 0.1.1 34.00 OK
r-release-windows-x86_64 0.1.1 6.00 57.00 63.00 OK
r-oldrel-macos-arm64 0.1.1 46.00 OK
r-oldrel-macos-x86_64 0.1.1 35.00 OK
r-oldrel-windows-x86_64 0.1.1 7.00 61.00 68.00 OK

Check Details

Version: 0.1.1
Check: package dependencies
Result: ERROR Packages required but not available: 'gtrendsR', 'dplyr', 'purrr', 'stringr', 'tibble' See section ‘The DESCRIPTION file’ in the ‘Writing R Extensions’ manual. Flavor: r-devel-linux-x86_64-debian-gcc