CRAN Package Check Results for Package trialr

Last updated on 2021-05-14 23:51:04 CEST.

Flavor Version Tinstall Tcheck Ttotal Status Flags
r-devel-linux-x86_64-debian-clang 0.1.5 708.70 448.04 1156.74 NOTE
r-devel-linux-x86_64-debian-gcc 0.1.5 522.44 369.19 891.63 NOTE
r-devel-linux-x86_64-fedora-clang 0.1.5 1882.15 NOTE
r-devel-linux-x86_64-fedora-gcc 0.1.5 2097.95 NOTE
r-devel-windows-ix86+x86_64 0.1.5 2019.00 701.00 2720.00 NOTE
r-devel-windows-x86_64-gcc10-UCRT 0.1.5 NOTE
r-patched-linux-x86_64 0.1.5 702.42 486.38 1188.80 NOTE
r-patched-solaris-x86 0.1.5 1971.20 NOTE
r-release-linux-x86_64 0.1.5 668.27 488.33 1156.60 NOTE
r-release-macos-x86_64 0.1.5 NOTE
r-release-windows-ix86+x86_64 0.1.5 1424.00 963.00 2387.00 NOTE
r-oldrel-macos-x86_64 0.1.5 NOTE
r-oldrel-windows-ix86+x86_64 0.1.5 1639.00 867.00 2506.00 NOTE

Check Details

Version: 0.1.5
Check: LazyData
Result: NOTE
     'LazyData' is specified without a 'data' directory
Flavors: r-devel-linux-x86_64-debian-clang, r-devel-linux-x86_64-debian-gcc, r-devel-linux-x86_64-fedora-clang, r-devel-linux-x86_64-fedora-gcc, r-devel-windows-ix86+x86_64, r-devel-windows-x86_64-gcc10-UCRT, r-patched-linux-x86_64, r-patched-solaris-x86

Version: 0.1.5
Check: for GNU extensions in Makefiles
Result: NOTE
    GNU make is a SystemRequirements.
Flavors: r-devel-linux-x86_64-debian-clang, r-devel-linux-x86_64-debian-gcc, r-devel-linux-x86_64-fedora-clang, r-devel-linux-x86_64-fedora-gcc, r-devel-windows-ix86+x86_64, r-devel-windows-x86_64-gcc10-UCRT, r-patched-linux-x86_64, r-patched-solaris-x86, r-release-linux-x86_64, r-release-macos-x86_64, r-release-windows-ix86+x86_64, r-oldrel-macos-x86_64, r-oldrel-windows-ix86+x86_64

Version: 0.1.5
Check: installed package size
Result: NOTE
     installed size is 124.1Mb
     sub-directories of 1Mb or more:
     doc 3.8Mb
     libs 119.1Mb
Flavors: r-devel-linux-x86_64-fedora-clang, r-devel-windows-ix86+x86_64, r-patched-solaris-x86, r-release-macos-x86_64, r-release-windows-ix86+x86_64, r-oldrel-macos-x86_64, r-oldrel-windows-ix86+x86_64

Version: 0.1.5
Check: line endings in C/C++/Fortran sources/headers
Result: NOTE
    Found the following sources/headers with CR or CRLF line endings:
     src/stan_files/AugBin2T1A.hpp
     src/stan_files/BebopInPeps2.hpp
     src/stan_files/CrmEmpiricNormalPrior.hpp
     src/stan_files/CrmOneParamLogisticGammaPrior.hpp
     src/stan_files/CrmOneParamLogisticNormalPrior.hpp
     src/stan_files/CrmTwoParamLogisticNormalPrior.hpp
     src/stan_files/EffTox.hpp
     src/stan_files/NeuenschwanderTwoParamLogit.hpp
     src/stan_files/ThallHierarchicalBinary.hpp
    Some Unix compilers require LF line endings.
Flavor: r-devel-windows-x86_64-gcc10-UCRT