CRAN Package Check Results for Package trialr

Last updated on 2024-02-26 23:03:55 CET.

Flavor Version Tinstall Tcheck Ttotal Status Flags
r-devel-linux-x86_64-debian-clang 0.1.6 1006.08 637.25 1643.33 NOTE
r-devel-linux-x86_64-debian-gcc 0.1.6 958.20 549.78 1507.98 NOTE
r-devel-linux-x86_64-fedora-clang 0.1.6 1990.82 NOTE
r-devel-linux-x86_64-fedora-gcc 0.1.6 2667.96 NOTE
r-devel-windows-x86_64 0.1.6 788.00 637.00 1425.00 NOTE
r-patched-linux-x86_64 0.1.6 986.45 743.57 1730.02 NOTE
r-release-linux-x86_64 0.1.6 1043.76 727.22 1770.98 NOTE
r-release-macos-arm64 0.1.6 579.00 NOTE
r-release-macos-x86_64 0.1.6 947.00 NOTE
r-release-windows-x86_64 0.1.6 992.00 758.00 1750.00 NOTE
r-oldrel-macos-arm64 0.1.6 354.00 NOTE
r-oldrel-windows-x86_64 0.1.6 921.00 729.00 1650.00 NOTE

Check Details

Version: 0.1.6
Check: for GNU extensions in Makefiles
Result: NOTE GNU make is a SystemRequirements. Flavors: r-devel-linux-x86_64-debian-clang, r-devel-linux-x86_64-debian-gcc, r-devel-linux-x86_64-fedora-clang, r-devel-linux-x86_64-fedora-gcc, r-devel-windows-x86_64, r-patched-linux-x86_64, r-release-linux-x86_64, r-release-macos-arm64, r-release-macos-x86_64, r-release-windows-x86_64, r-oldrel-macos-arm64, r-oldrel-windows-x86_64

Version: 0.1.6
Check: installed package size
Result: NOTE installed size is 14.5Mb sub-directories of 1Mb or more: doc 3.9Mb libs 9.4Mb Flavors: r-devel-linux-x86_64-fedora-clang, r-devel-windows-x86_64, r-release-macos-arm64, r-release-macos-x86_64, r-release-windows-x86_64, r-oldrel-macos-arm64, r-oldrel-windows-x86_64