Last updated on 2024-03-27 22:58:02 CET.
Flavor | Version | Tinstall | Tcheck | Ttotal | Status | Flags |
---|---|---|---|---|---|---|
r-devel-linux-x86_64-debian-clang | 0.0.3 | 163.58 | 967.49 | 1131.07 | NOTE | |
r-devel-linux-x86_64-debian-gcc | 0.0.3 | 148.81 | 389.54 | 538.35 | NOTE | |
r-devel-linux-x86_64-fedora-clang | 0.0.3 | 1533.31 | NOTE | |||
r-devel-linux-x86_64-fedora-gcc | 0.0.3 | 921.65 | NOTE | |||
r-devel-windows-x86_64 | 0.0.3 | 136.00 | 521.00 | 657.00 | NOTE | |
r-patched-linux-x86_64 | 0.0.3 | 132.52 | 528.87 | 661.39 | NOTE | |
r-release-linux-x86_64 | 0.0.3 | 146.71 | 508.77 | 655.48 | NOTE | |
r-release-macos-arm64 | 0.0.3 | 205.00 | NOTE | |||
r-release-macos-x86_64 | 0.0.3 | 465.00 | NOTE | |||
r-release-windows-x86_64 | 0.0.3 | 175.00 | 529.00 | 704.00 | NOTE | |
r-oldrel-macos-arm64 | 0.0.3 | 196.00 | NOTE | |||
r-oldrel-windows-x86_64 | 0.0.3 | 159.00 | 523.00 | 682.00 | NOTE |
Version: 0.0.3
Check: for GNU extensions in Makefiles
Result: NOTE
GNU make is a SystemRequirements.
Flavors: r-devel-linux-x86_64-debian-clang, r-devel-linux-x86_64-debian-gcc, r-devel-linux-x86_64-fedora-clang, r-devel-linux-x86_64-fedora-gcc, r-devel-windows-x86_64, r-patched-linux-x86_64, r-release-linux-x86_64, r-release-macos-arm64, r-release-macos-x86_64, r-release-windows-x86_64, r-oldrel-macos-arm64, r-oldrel-windows-x86_64
Version: 0.0.3
Check: installed package size
Result: NOTE
installed size is 33.6Mb
sub-directories of 1Mb or more:
libs 33.4Mb
Flavors: r-release-macos-arm64, r-release-macos-x86_64, r-oldrel-macos-arm64