Last updated on 2023-11-30 22:59:17 CET.
Flavor | Version | Tinstall | Tcheck | Ttotal | Status | Flags |
---|---|---|---|---|---|---|
r-devel-linux-x86_64-debian-clang | 1.0.0 | 45.89 | 169.59 | 215.48 | NOTE | |
r-devel-linux-x86_64-debian-gcc | 1.0.0 | 32.76 | 120.48 | 153.24 | NOTE | |
r-devel-linux-x86_64-fedora-clang | 1.0.0 | 253.84 | OK | |||
r-devel-linux-x86_64-fedora-gcc | 1.0.0 | 265.84 | OK | |||
r-devel-windows-x86_64 | 1.0.0 | 36.00 | 150.00 | 186.00 | OK | |
r-patched-linux-x86_64 | 1.0.0 | 38.24 | 154.00 | 192.24 | OK | |
r-release-linux-x86_64 | 1.0.0 | 34.51 | 154.24 | 188.75 | OK | |
r-release-macos-arm64 | 1.0.0 | 79.00 | OK | |||
r-release-macos-x86_64 | 1.0.0 | 127.00 | OK | |||
r-release-windows-x86_64 | 1.0.0 | 51.00 | 181.00 | 232.00 | OK | |
r-oldrel-macos-arm64 | 1.0.0 | 70.00 | OK | |||
r-oldrel-macos-x86_64 | 1.0.0 | 124.00 | NOTE | |||
r-oldrel-windows-x86_64 | 1.0.0 | 49.00 | 185.00 | 234.00 | OK |
Version: 1.0.0
Check: Rd files
Result: NOTE
checkRd: (-1) tsBSS-package.Rd:23: Lost braces in \itemize; meant \describe ?
checkRd: (-1) tsBSS-package.Rd:24: Lost braces in \itemize; meant \describe ?
checkRd: (-1) tsBSS-package.Rd:25: Lost braces in \itemize; meant \describe ?
checkRd: (-1) tsBSS-package.Rd:26: Lost braces in \itemize; meant \describe ?
checkRd: (-1) tsBSS-package.Rd:27: Lost braces in \itemize; meant \describe ?
checkRd: (-1) tsBSS-package.Rd:28: Lost braces in \itemize; meant \describe ?
checkRd: (-1) tsBSS-package.Rd:34: Lost braces in \itemize; meant \describe ?
Flavors: r-devel-linux-x86_64-debian-clang, r-devel-linux-x86_64-debian-gcc
Version: 1.0.0
Check: package dependencies
Result: NOTE
Package suggested but not available for checking: ‘MTS’
Flavor: r-oldrel-macos-x86_64
Version: 1.0.0
Check: Rd cross-references
Result: NOTE
Package unavailable to check Rd xrefs: ‘MTS’
Flavor: r-oldrel-macos-x86_64