CRAN Package Check Results for Package tsBSS

Last updated on 2024-06-13 22:49:48 CEST.

Flavor Version Tinstall Tcheck Ttotal Status Flags
r-devel-linux-x86_64-debian-clang 1.0.0 38.65 162.97 201.62 NOTE
r-devel-linux-x86_64-debian-gcc 1.0.0 0.35 1.75 2.10 ERROR
r-devel-linux-x86_64-fedora-clang 1.0.0 263.42 NOTE
r-devel-linux-x86_64-fedora-gcc 1.0.0 257.21 NOTE
r-devel-windows-x86_64 1.0.0 38.00 148.00 186.00 NOTE
r-patched-linux-x86_64 1.0.0 36.84 153.54 190.38 NOTE
r-release-linux-x86_64 1.0.0 39.31 148.83 188.14 NOTE
r-release-macos-arm64 1.0.0 65.00 NOTE
r-release-macos-x86_64 1.0.0 102.00 NOTE
r-release-windows-x86_64 1.0.0 39.00 148.00 187.00 NOTE
r-oldrel-macos-arm64 1.0.0 79.00 OK
r-oldrel-macos-x86_64 1.0.0 127.00 OK
r-oldrel-windows-x86_64 1.0.0 50.00 181.00 231.00 OK

Check Details

Version: 1.0.0
Check: Rd files
Result: NOTE checkRd: (-1) tsBSS-package.Rd:23: Lost braces in \itemize; meant \describe ? checkRd: (-1) tsBSS-package.Rd:24: Lost braces in \itemize; meant \describe ? checkRd: (-1) tsBSS-package.Rd:25: Lost braces in \itemize; meant \describe ? checkRd: (-1) tsBSS-package.Rd:26: Lost braces in \itemize; meant \describe ? checkRd: (-1) tsBSS-package.Rd:27: Lost braces in \itemize; meant \describe ? checkRd: (-1) tsBSS-package.Rd:28: Lost braces in \itemize; meant \describe ? checkRd: (-1) tsBSS-package.Rd:34: Lost braces in \itemize; meant \describe ? Flavors: r-devel-linux-x86_64-debian-clang, r-devel-linux-x86_64-fedora-clang, r-devel-linux-x86_64-fedora-gcc, r-devel-windows-x86_64, r-patched-linux-x86_64, r-release-linux-x86_64, r-release-macos-arm64, r-release-macos-x86_64, r-release-windows-x86_64

Version: 1.0.0
Check: package dependencies
Result: ERROR Packages required but not available: 'ICtest', 'forecast' See section ‘The DESCRIPTION file’ in the ‘Writing R Extensions’ manual. Flavor: r-devel-linux-x86_64-debian-gcc