Last updated on 2023-10-04 00:02:02 CEST.
Flavor | Version | Tinstall | Tcheck | Ttotal | Status | Flags |
---|---|---|---|---|---|---|
r-devel-linux-x86_64-debian-clang | 11.0.4 | 30.18 | 538.82 | 569.00 | NOTE | |
r-devel-linux-x86_64-debian-gcc | 11.0.4 | 24.41 | 399.16 | 423.57 | NOTE | |
r-devel-linux-x86_64-fedora-clang | 11.0.4 | 689.28 | NOTE | |||
r-devel-linux-x86_64-fedora-gcc | 11.0.4 | 676.72 | NOTE | |||
r-devel-windows-x86_64 | 11.0.4 | 30.00 | 431.00 | 461.00 | NOTE | |
r-patched-linux-x86_64 | 11.0.4 | 20.85 | 505.64 | 526.49 | OK | |
r-release-linux-x86_64 | 11.0.4 | 27.04 | 514.35 | 541.39 | OK | |
r-release-macos-arm64 | 11.0.4 | 212.00 | OK | |||
r-release-macos-x86_64 | 11.0.4 | 346.00 | NOTE | |||
r-release-windows-x86_64 | 11.0.4 | 36.00 | 540.00 | 576.00 | OK | |
r-oldrel-macos-arm64 | 11.0.4 | 165.00 | OK | |||
r-oldrel-macos-x86_64 | 11.0.4 | 260.00 | OK | |||
r-oldrel-windows-x86_64 | 11.0.4 | 38.00 | 527.00 | 565.00 | OK |
Version: 11.0.4
Check: Rd \usage sections
Result: NOTE
Objects in \usage without \alias in documentation object 'nlar.struct':
‘getNUsed’
Functions with \usage entries need to have the appropriate \alias
entries, and all their arguments documented.
The \usage entries must correspond to syntactically valid R code.
See chapter ‘Writing R documentation files’ in the ‘Writing R
Extensions’ manual.
Flavors: r-devel-linux-x86_64-debian-clang, r-devel-linux-x86_64-debian-gcc, r-devel-linux-x86_64-fedora-clang, r-devel-linux-x86_64-fedora-gcc, r-devel-windows-x86_64
Version: 11.0.4
Check: package dependencies
Result: NOTE
Package suggested but not available for checking: ‘rugarch’
Flavor: r-release-macos-x86_64
Version: 11.0.4
Check: Rd cross-references
Result: NOTE
Package unavailable to check Rd xrefs: ‘rugarch’
Flavor: r-release-macos-x86_64