CRAN Package Check Results for Package tsbox

Last updated on 2021-10-23 22:58:06 CEST.

Flavor Version Tinstall Tcheck Ttotal Status Flags
r-devel-linux-x86_64-debian-clang 0.3.1 6.19 165.57 171.76 OK
r-devel-linux-x86_64-debian-gcc 0.3.1 5.77 109.20 114.97 OK
r-devel-linux-x86_64-fedora-clang 0.3.1 177.73 OK
r-devel-linux-x86_64-fedora-gcc 0.3.1 126.36 OK
r-devel-windows-x86_64 0.3.1 11.00 100.00 111.00 OK
r-devel-windows-x86_64-gcc10-UCRT 0.3.1 OK
r-patched-linux-x86_64 0.3.1 6.85 130.10 136.95 OK
r-patched-solaris-x86 0.3.1 165.90 NOTE
r-release-linux-x86_64 0.3.1 5.84 130.48 136.32 OK
r-release-macos-arm64 0.3.1 OK
r-release-macos-x86_64 0.3.1 OK
r-release-windows-ix86+x86_64 0.3.1 11.00 140.00 151.00 OK
r-oldrel-macos-x86_64 0.3.1 OK
r-oldrel-windows-ix86+x86_64 0.3.1 15.00 133.00 148.00 OK

Check Details

Version: 0.3.1
Check: package dependencies
Result: NOTE
    Package suggested but not available for checking: ‘seasonal’
Flavor: r-patched-solaris-x86