Last updated on 2024-05-14 22:56:15 CEST.
Flavor | Version | Tinstall | Tcheck | Ttotal | Status | Flags |
---|---|---|---|---|---|---|
r-devel-linux-x86_64-debian-clang | 1.0.0 | 98.66 | 280.68 | 379.34 | OK | |
r-devel-linux-x86_64-debian-gcc | 1.0.0 | 102.89 | 220.53 | 323.42 | OK | |
r-devel-linux-x86_64-fedora-clang | 1.0.1 | 598.07 | OK | |||
r-devel-linux-x86_64-fedora-gcc | 1.0.1 | 698.92 | OK | |||
r-devel-windows-x86_64 | 1.0.0 | 89.00 | 274.00 | 363.00 | NOTE | |
r-patched-linux-x86_64 | 1.0.0 | 130.16 | 293.32 | 423.48 | OK | |
r-release-linux-x86_64 | 1.0.0 | 126.21 | 295.23 | 421.44 | OK | |
r-release-macos-arm64 | 1.0.1 | 174.00 | NOTE | |||
r-release-macos-x86_64 | 1.0.1 | 508.00 | NOTE | |||
r-release-windows-x86_64 | 1.0.1 | 80.00 | 310.00 | 390.00 | NOTE | |
r-oldrel-macos-arm64 | 1.0.1 | 172.00 | NOTE | |||
r-oldrel-macos-x86_64 | 1.0.1 | 439.00 | NOTE | |||
r-oldrel-windows-x86_64 | 1.0.0 | 110.00 | 329.00 | 439.00 | NOTE |
Version: 1.0.0
Check: installed package size
Result: NOTE
installed size is 13.5Mb
sub-directories of 1Mb or more:
libs 12.9Mb
Flavors: r-devel-windows-x86_64, r-oldrel-windows-x86_64
Version: 1.0.1
Check: installed package size
Result: NOTE
installed size is 44.4Mb
sub-directories of 1Mb or more:
libs 43.8Mb
Flavors: r-release-macos-arm64, r-release-macos-x86_64, r-release-windows-x86_64, r-oldrel-macos-arm64, r-oldrel-macos-x86_64