CRAN Package Check Results for Package tseries

Last updated on 2023-11-29 23:02:53 CET.

Flavor Version Tinstall Tcheck Ttotal Status Flags
r-devel-linux-x86_64-debian-clang 0.10-54 12.54 56.85 69.39 OK
r-devel-linux-x86_64-debian-gcc 0.10-54 8.42 43.48 51.90 OK
r-devel-linux-x86_64-fedora-clang 0.10-54 84.48 NOTE
r-devel-linux-x86_64-fedora-gcc 0.10-54 79.64 NOTE
r-devel-windows-x86_64 0.10-54 13.00 76.00 89.00 OK
r-patched-linux-x86_64 0.10-54 11.97 56.03 68.00 OK
r-release-linux-x86_64 0.10-54 8.18 54.39 62.57 OK
r-release-macos-arm64 0.10-54 43.00 OK
r-release-macos-x86_64 0.10-54 57.00 OK
r-release-windows-x86_64 0.10-54 20.00 81.00 101.00 OK
r-oldrel-macos-arm64 0.10-54 36.00 OK
r-oldrel-macos-x86_64 0.10-54 43.00 OK
r-oldrel-windows-x86_64 0.10-54 17.00 84.00 101.00 OK

Check Details

Version: 0.10-54
Check: dependencies in R code
Result: NOTE Namespace in Imports field not imported from: ‘jsonlite’ All declared Imports should be used. Flavors: r-devel-linux-x86_64-fedora-clang, r-devel-linux-x86_64-fedora-gcc