CRAN Package Check Results for Package tsibble

Last updated on 2023-11-29 23:02:53 CET.

Flavor Version Tinstall Tcheck Ttotal Status Flags
r-devel-linux-x86_64-debian-clang 1.1.3 14.37 174.77 189.14 NOTE
r-devel-linux-x86_64-debian-gcc 1.1.3 11.10 131.99 143.09 NOTE
r-devel-linux-x86_64-fedora-clang 1.1.3 229.21 NOTE
r-devel-linux-x86_64-fedora-gcc 1.1.3 232.55 NOTE
r-devel-windows-x86_64 1.1.3 13.00 153.00 166.00 NOTE
r-patched-linux-x86_64 1.1.3 14.01 164.70 178.71 NOTE
r-release-linux-x86_64 1.1.3 10.73 166.35 177.08 NOTE
r-release-macos-arm64 1.1.3 75.00 NOTE
r-release-macos-x86_64 1.1.3 121.00 NOTE
r-release-windows-x86_64 1.1.3 18.00 206.00 224.00 NOTE
r-oldrel-macos-arm64 1.1.3 74.00 OK
r-oldrel-macos-x86_64 1.1.3 84.00 OK
r-oldrel-windows-x86_64 1.1.3 17.00 194.00 211.00 OK

Check Details

Version: 1.1.3
Check: Rd \usage sections
Result: NOTE S3 methods shown with full name in Rd file 'tsibble-vctrs.Rd': ‘vec_ptype2.tbl_ts’ ‘vec_cast.tbl_ts’ ‘vec_cast.yearmonth’ ‘vec_ptype2.yearmonth’ ‘vec_cast.yearquarter’ ‘vec_ptype2.yearquarter’ ‘vec_cast.yearweek’ ‘vec_ptype2.yearweek’ The \usage entries for S3 methods should use the \method markup and not their full name. See chapter ‘Writing R documentation files’ in the ‘Writing R Extensions’ manual. Flavors: r-devel-linux-x86_64-debian-clang, r-devel-linux-x86_64-debian-gcc, r-devel-linux-x86_64-fedora-clang, r-devel-linux-x86_64-fedora-gcc, r-devel-windows-x86_64

Version: 1.1.3
Check: Rd \usage sections
Result: NOTE S3 methods shown with full name in documentation object 'tsibble-vctrs': ‘vec_ptype2.tbl_ts’ ‘vec_cast.tbl_ts’ ‘vec_cast.yearmonth’ ‘vec_ptype2.yearmonth’ ‘vec_cast.yearquarter’ ‘vec_ptype2.yearquarter’ ‘vec_cast.yearweek’ ‘vec_ptype2.yearweek’ The \usage entries for S3 methods should use the \method markup and not their full name. See chapter ‘Writing R documentation files’ in the ‘Writing R Extensions’ manual. Flavors: r-patched-linux-x86_64, r-release-linux-x86_64, r-release-macos-arm64, r-release-macos-x86_64, r-release-windows-x86_64