CRAN Package Check Results for Package tsibbledata

Last updated on 2021-07-22 22:52:22 CEST.

Flavor Version Tinstall Tcheck Ttotal Status Flags
r-devel-linux-x86_64-debian-clang 0.3.0 4.20 28.15 32.35 OK
r-devel-linux-x86_64-debian-gcc 0.3.0 3.71 22.81 26.52 OK
r-devel-linux-x86_64-fedora-clang 0.3.0 49.54 NOTE
r-devel-linux-x86_64-fedora-gcc 0.3.0 39.14 NOTE
r-devel-windows-x86_64 0.3.0 7.00 35.00 42.00 OK
r-devel-windows-x86_64-gcc10-UCRT 0.3.0 NOTE
r-patched-linux-x86_64 0.3.0 OK
r-patched-solaris-x86 0.3.0 61.50 NOTE
r-release-linux-x86_64 0.3.0 3.97 28.17 32.14 OK
r-release-macos-arm64 0.3.0 NOTE
r-release-macos-x86_64 0.3.0 NOTE
r-release-windows-ix86+x86_64 0.3.0 9.00 45.00 54.00 OK
r-oldrel-macos-x86_64 0.3.0 NOTE
r-oldrel-windows-ix86+x86_64 0.3.0 10.00 44.00 54.00 OK

Check Details

Version: 0.3.0
Check: dependencies in R code
Result: NOTE
    Namespace in Imports field not imported from: ‘tsibble’
     All declared Imports should be used.
Flavors: r-devel-linux-x86_64-fedora-clang, r-devel-linux-x86_64-fedora-gcc, r-devel-windows-x86_64-gcc10-UCRT, r-patched-solaris-x86, r-release-macos-arm64, r-release-macos-x86_64, r-oldrel-macos-x86_64