CRAN Package Check Results for Package tsibbletalk

Last updated on 2021-10-16 22:53:10 CEST.

Flavor Version Tinstall Tcheck Ttotal Status Flags
r-devel-linux-x86_64-debian-clang 0.1.0 9.67 75.99 85.66 OK
r-devel-linux-x86_64-debian-gcc 0.1.0 7.74 58.43 66.17 OK
r-devel-linux-x86_64-fedora-clang 0.1.0 112.17 NOTE
r-devel-linux-x86_64-fedora-gcc 0.1.0 99.47 NOTE
r-devel-windows-x86_64 0.1.0 27.00 72.00 99.00 OK
r-devel-windows-x86_64-gcc10-UCRT 0.1.0 NOTE
r-patched-linux-x86_64 0.1.0 10.97 72.02 82.99 OK
r-patched-solaris-x86 0.1.0 148.10 NOTE
r-release-linux-x86_64 0.1.0 11.19 71.18 82.37 OK
r-release-macos-arm64 0.1.0 NOTE
r-release-macos-x86_64 0.1.0 NOTE
r-release-windows-ix86+x86_64 0.1.0 29.00 96.00 125.00 OK
r-oldrel-macos-x86_64 0.1.0 NOTE
r-oldrel-windows-ix86+x86_64 0.1.0 27.00 98.00 125.00 OK

Check Details

Version: 0.1.0
Check: dependencies in R code
Result: NOTE
    Namespaces in Imports field not imported from:
     ‘R6’ ‘crosstalk’
     All declared Imports should be used.
Flavors: r-devel-linux-x86_64-fedora-clang, r-devel-linux-x86_64-fedora-gcc, r-devel-windows-x86_64-gcc10-UCRT, r-patched-solaris-x86, r-release-macos-arm64, r-release-macos-x86_64, r-oldrel-macos-x86_64