CRAN Package Check Results for Package tsmp

Last updated on 2020-01-18 22:48:48 CET.

Flavor Version Tinstall Tcheck Ttotal Status Flags
r-devel-linux-x86_64-debian-clang 0.3.5 12.32 98.19 110.51 OK
r-devel-linux-x86_64-debian-gcc 0.3.5 10.61 70.59 81.20 OK
r-devel-linux-x86_64-fedora-clang 0.3.5 127.68 NOTE
r-devel-linux-x86_64-fedora-gcc 0.3.5 124.85 OK
r-devel-windows-ix86+x86_64 0.3.5 30.00 162.00 192.00 NOTE
r-devel-windows-ix86+x86_64-gcc8 0.3.5 21.00 160.00 181.00 NOTE
r-patched-linux-x86_64 0.3.5 10.66 87.26 97.92 OK
r-patched-solaris-x86 0.3.5 184.60 NOTE
r-release-linux-x86_64 0.3.5 12.02 86.15 98.17 OK
r-release-windows-ix86+x86_64 0.3.5 22.00 106.00 128.00 NOTE
r-release-osx-x86_64 0.3.5 NOTE
r-oldrel-windows-ix86+x86_64 0.3.5 20.00 104.00 124.00 NOTE
r-oldrel-osx-x86_64 0.3.5 NOTE

Check Details

Version: 0.3.5
Check: installed package size
Result: NOTE
     installed size is 5.7Mb
     sub-directories of 1Mb or more:
     data 4.6Mb
Flavors: r-devel-linux-x86_64-fedora-clang, r-devel-windows-ix86+x86_64, r-devel-windows-ix86+x86_64-gcc8, r-patched-solaris-x86, r-release-windows-ix86+x86_64, r-release-osx-x86_64, r-oldrel-windows-ix86+x86_64, r-oldrel-osx-x86_64