CRAN Package Check Results for Package tsoutliers

Last updated on 2021-08-03 22:53:46 CEST.

Flavor Version Tinstall Tcheck Ttotal Status Flags
r-devel-linux-x86_64-debian-clang 0.6-8 7.68 88.17 95.85 OK
r-devel-linux-x86_64-debian-gcc 0.6-8 6.37 65.29 71.66 OK
r-devel-linux-x86_64-fedora-clang 0.6-8 123.33 NOTE
r-devel-linux-x86_64-fedora-gcc 0.6-8 109.66 OK
r-devel-windows-x86_64 0.6-8 13.00 117.00 130.00 OK
r-devel-windows-x86_64-gcc10-UCRT 0.6-8 OK
r-patched-linux-x86_64 0.6-8 8.35 82.60 90.95 OK
r-patched-solaris-x86 0.6-8 161.80 OK
r-release-linux-x86_64 0.6-8 8.32 82.77 91.09 OK
r-release-macos-arm64 0.6-8 OK
r-release-macos-x86_64 0.6-8 OK
r-release-windows-ix86+x86_64 0.6-8 19.00 86.00 105.00 OK
r-oldrel-macos-x86_64 0.6-8 OK
r-oldrel-windows-ix86+x86_64 0.6-8 15.00 117.00 132.00 OK

Check Details

Version: 0.6-8
Check: Rd cross-references
Result: NOTE
    Undeclared package ‘tseries’ in Rd xrefs
Flavor: r-devel-linux-x86_64-fedora-clang