CRAN Package Check Results for Package tsoutliers

Last updated on 2021-10-19 22:54:14 CEST.

Flavor Version Tinstall Tcheck Ttotal Status Flags
r-devel-linux-x86_64-debian-clang 0.6-8 7.73 86.22 93.95 OK
r-devel-linux-x86_64-debian-gcc 0.6-8 6.66 63.39 70.05 OK
r-devel-linux-x86_64-fedora-clang 0.6-8 124.02 NOTE
r-devel-linux-x86_64-fedora-gcc 0.6-8 110.78 OK
r-devel-windows-x86_64 0.6-8 14.00 96.00 110.00 OK
r-devel-windows-x86_64-gcc10-UCRT 0.6-8 OK
r-patched-linux-x86_64 0.6-8 8.76 80.32 89.08 OK
r-patched-solaris-x86 0.6-8 159.50 OK
r-release-linux-x86_64 0.6-8 6.30 81.40 87.70 OK
r-release-macos-arm64 0.6-8 OK
r-release-macos-x86_64 0.6-8 OK
r-release-windows-ix86+x86_64 0.6-8 22.00 116.00 138.00 OK
r-oldrel-macos-x86_64 0.6-8 OK
r-oldrel-windows-ix86+x86_64 0.6-8 20.00 126.00 146.00 OK

Check Details

Version: 0.6-8
Check: Rd cross-references
Result: NOTE
    Undeclared package ‘tseries’ in Rd xrefs
Flavor: r-devel-linux-x86_64-fedora-clang