CRAN Package Check Results for Package tspmeta

Last updated on 2022-07-06 21:53:54 CEST.

Flavor Version Tinstall Tcheck Ttotal Status Flags
r-devel-linux-x86_64-debian-clang 1.2 19.31 154.01 173.32 NOTE
r-devel-linux-x86_64-debian-gcc 1.2 15.63 115.75 131.38 NOTE
r-devel-linux-x86_64-fedora-clang 1.2 210.45 NOTE
r-devel-linux-x86_64-fedora-gcc 1.2 209.82 NOTE
r-devel-windows-x86_64 1.2 45.00 165.00 210.00 NOTE
r-patched-linux-x86_64 1.2 17.53 143.57 161.10 NOTE
r-release-linux-x86_64 1.2 19.83 146.24 166.07 NOTE
r-release-macos-arm64 1.2 52.00 NOTE
r-release-macos-x86_64 1.2 104.00 NOTE
r-release-windows-x86_64 1.2 36.00 180.00 216.00 NOTE
r-oldrel-macos-arm64 1.2 71.00 NOTE
r-oldrel-macos-x86_64 1.2 83.00 NOTE
r-oldrel-windows-ix86+x86_64 1.2 45.00 211.00 256.00 NOTE

Check Details

Version: 1.2
Check: LazyData
Result: NOTE
     'LazyData' is specified without a 'data' directory
Flavors: r-devel-linux-x86_64-debian-clang, r-devel-linux-x86_64-debian-gcc, r-devel-linux-x86_64-fedora-clang, r-devel-linux-x86_64-fedora-gcc, r-devel-windows-x86_64, r-patched-linux-x86_64, r-release-linux-x86_64, r-release-macos-arm64, r-release-macos-x86_64, r-release-windows-x86_64, r-oldrel-macos-arm64, r-oldrel-macos-x86_64, r-oldrel-windows-ix86+x86_64

Version: 1.2
Check: compiled code
Result: NOTE
    File ‘tspmeta/libs/tspmeta.so’:
     Found no calls to: ‘R_registerRoutines’, ‘R_useDynamicSymbols’
    
    It is good practice to register native routines and to disable symbol
    search.
    
    See ‘Writing portable packages’ in the ‘Writing R Extensions’ manual.
Flavors: r-devel-linux-x86_64-fedora-clang, r-devel-linux-x86_64-fedora-gcc