CRAN Package Check Results for Package tsutils

Last updated on 2021-10-15 22:54:33 CEST.

Flavor Version Tinstall Tcheck Ttotal Status Flags
r-devel-linux-x86_64-debian-clang 0.9.2 12.28 89.21 101.49 OK
r-devel-linux-x86_64-debian-gcc 0.9.2 10.09 68.01 78.10 OK
r-devel-linux-x86_64-fedora-clang 0.9.2 131.64 NOTE
r-devel-linux-x86_64-fedora-gcc 0.9.2 117.26 OK
r-devel-windows-x86_64 0.9.2 30.00 86.00 116.00 OK
r-devel-windows-x86_64-gcc10-UCRT 0.9.2 OK
r-patched-linux-x86_64 0.9.2 11.28 84.17 95.45 OK
r-patched-solaris-x86 0.9.2 173.30 OK
r-release-linux-x86_64 0.9.2 9.47 83.68 93.15 OK
r-release-macos-arm64 0.9.2 OK
r-release-macos-x86_64 0.9.2 OK
r-release-windows-ix86+x86_64 0.9.2 26.00 119.00 145.00 OK
r-oldrel-macos-x86_64 0.9.2 OK
r-oldrel-windows-ix86+x86_64 0.9.2 27.00 118.00 145.00 OK

Check Details

Version: 0.9.2
Check: Rd cross-references
Result: NOTE
    Undeclared package ‘glmnet’ in Rd xrefs
Flavor: r-devel-linux-x86_64-fedora-clang