CRAN Package Check Results for Package tswge

Last updated on 2020-02-17 22:49:52 CET.

Flavor Version Tinstall Tcheck Ttotal Status Flags
r-devel-linux-x86_64-debian-clang 1.0.0 9.63 97.85 107.48 OK
r-devel-linux-x86_64-debian-gcc 1.0.0 7.22 74.72 81.94 OK
r-devel-linux-x86_64-fedora-clang 1.0.0 129.68 WARN
r-devel-linux-x86_64-fedora-gcc 1.0.0 126.27 OK
r-devel-windows-ix86+x86_64 1.0.0 16.00 194.00 210.00 OK
r-devel-windows-ix86+x86_64-gcc8 1.0.0 24.00 126.00 150.00 OK
r-patched-linux-x86_64 1.0.0 8.03 88.05 96.08 OK
r-patched-solaris-x86 1.0.0 182.70 OK
r-release-linux-x86_64 1.0.0 9.36 87.72 97.08 OK
r-release-windows-ix86+x86_64 1.0.0 16.00 137.00 153.00 OK
r-release-osx-x86_64 1.0.0 OK
r-oldrel-windows-ix86+x86_64 1.0.0 11.00 107.00 118.00 OK
r-oldrel-osx-x86_64 1.0.0 OK

Check Details

Version: 1.0.0
Check: package dependencies
Result: WARN
    Requires orphaned package: ‘waveslim’
Flavor: r-devel-linux-x86_64-fedora-clang