CRAN Package Check Results for Package ttservice

Last updated on 2024-02-25 23:02:24 CET.

Flavor Version Tinstall Tcheck Ttotal Status Flags
r-devel-linux-x86_64-debian-clang 0.4.0 11.45 92.41 103.86 OK
r-devel-linux-x86_64-debian-gcc 0.4.0 7.60 68.34 75.94 OK
r-devel-linux-x86_64-fedora-clang 0.4.0 123.84 NOTE
r-devel-linux-x86_64-fedora-gcc 0.4.0 118.75 OK
r-devel-windows-x86_64 0.4.0 10.00 85.00 95.00 OK
r-patched-linux-x86_64 0.4.0 6.82 87.37 94.19 OK
r-release-linux-x86_64 0.4.0 7.06 88.53 95.59 OK
r-release-macos-arm64 0.4.0 44.00 OK
r-release-macos-x86_64 0.4.0 67.00 OK
r-release-windows-x86_64 0.4.0 13.00 98.00 111.00 OK
r-oldrel-macos-arm64 0.4.0 59.00 OK
r-oldrel-windows-x86_64 0.4.0 13.00 105.00 118.00 OK

Check Details

Version: 0.4.0
Check: Rd cross-references
Result: NOTE Undeclared packages ‘ggplot2’, ‘crosstalk’ in Rd xrefs Flavor: r-devel-linux-x86_64-fedora-clang