CRAN Package Check Results for Package ttutils

Last updated on 2021-11-27 22:57:13 CET.

Flavor Version Tinstall Tcheck Ttotal Status Flags
r-devel-linux-x86_64-debian-clang 1.0-1 NOTE
r-devel-linux-x86_64-debian-gcc 1.0-1 1.65 16.69 18.34 NOTE
r-devel-linux-x86_64-fedora-clang 1.0-1 39.02 NOTE
r-devel-linux-x86_64-fedora-gcc 1.0-1 28.37 NOTE
r-devel-windows-x86_64-new-UL 1.0-1 6.00 58.00 64.00 NOTE
r-devel-windows-x86_64-new-TK 1.0-1 NOTE
r-devel-windows-x86_64-old 1.0-1 3.00 24.00 27.00 NOTE
r-patched-linux-x86_64 1.0-1 2.01 20.34 22.35 NOTE
r-patched-solaris-x86 1.0-1 41.90 NOTE
r-release-linux-x86_64 1.0-1 NOTE
r-release-macos-arm64 1.0-1 NOTE
r-release-macos-x86_64 1.0-1 NOTE
r-release-windows-ix86+x86_64 1.0-1 5.00 25.00 30.00 NOTE
r-oldrel-macos-x86_64 1.0-1 NOTE
r-oldrel-windows-ix86+x86_64 1.0-1 4.00 24.00 28.00 NOTE

Check Details

Version: 1.0-1
Check: R code for possible problems
Result: NOTE
    .saveDevice: no visible global function definition for 'dev.off'
    Undefined global functions or variables:
     dev.off
    Consider adding
     importFrom("grDevices", "dev.off")
    to your NAMESPACE file.
Flavors: r-devel-linux-x86_64-debian-clang, r-devel-linux-x86_64-debian-gcc, r-devel-linux-x86_64-fedora-clang, r-devel-linux-x86_64-fedora-gcc, r-devel-windows-x86_64-new-UL, r-devel-windows-x86_64-new-TK, r-devel-windows-x86_64-old, r-patched-linux-x86_64, r-patched-solaris-x86, r-release-linux-x86_64, r-release-macos-arm64, r-release-macos-x86_64, r-release-windows-ix86+x86_64, r-oldrel-macos-x86_64, r-oldrel-windows-ix86+x86_64