CRAN Package Check Results for Package tuber

Last updated on 2021-05-16 22:50:11 CEST.

Flavor Version Tinstall Tcheck Ttotal Status Flags
r-devel-linux-x86_64-debian-clang 0.9.9 6.39 58.01 64.40 NOTE
r-devel-linux-x86_64-debian-gcc 0.9.9 4.65 43.75 48.40 NOTE
r-devel-linux-x86_64-fedora-clang 0.9.9 83.94 NOTE
r-devel-linux-x86_64-fedora-gcc 0.9.9 72.92 NOTE
r-devel-windows-ix86+x86_64 0.9.9 17.00 89.00 106.00 NOTE
r-devel-windows-x86_64-gcc10-UCRT 0.9.9 NOTE
r-patched-linux-x86_64 0.9.9 9.95 54.29 64.24 NOTE
r-patched-solaris-x86 0.9.9 102.70 NOTE
r-release-linux-x86_64 0.9.9 4.80 53.82 58.62 OK
r-release-macos-x86_64 0.9.9 OK
r-release-windows-ix86+x86_64 0.9.9 9.00 68.00 77.00 OK
r-oldrel-macos-x86_64 0.9.9 OK
r-oldrel-windows-ix86+x86_64 0.9.9 8.00 86.00 94.00 OK

Check Details

Version: 0.9.9
Check: LazyData
Result: NOTE
     'LazyData' is specified without a 'data' directory
Flavors: r-devel-linux-x86_64-debian-clang, r-devel-linux-x86_64-debian-gcc, r-devel-linux-x86_64-fedora-clang, r-devel-linux-x86_64-fedora-gcc, r-devel-windows-ix86+x86_64, r-devel-windows-x86_64-gcc10-UCRT, r-patched-linux-x86_64, r-patched-solaris-x86