CRAN Package Check Results for Package tubern

Last updated on 2021-11-30 22:54:47 CET.

Flavor Version Tinstall Tcheck Ttotal Status Flags
r-devel-linux-x86_64-debian-clang 0.1.0 1.77 27.44 29.21 NOTE
r-devel-linux-x86_64-debian-gcc 0.1.0 1.58 22.38 23.96 NOTE
r-devel-linux-x86_64-fedora-clang 0.1.0 49.75 NOTE
r-devel-linux-x86_64-fedora-gcc 0.1.0 37.03 NOTE
r-devel-windows-x86_64-new-UL 0.1.0 7.00 73.00 80.00 NOTE
r-devel-windows-x86_64-new-TK 0.1.0 NOTE
r-devel-windows-x86_64-old 0.1.0 5.00 39.00 44.00 NOTE
r-patched-linux-x86_64 0.1.0 4.58 26.81 31.39 NOTE
r-patched-solaris-x86 0.1.0 56.80 NOTE
r-release-linux-x86_64 0.1.0 2.07 26.62 28.69 NOTE
r-release-macos-arm64 0.1.0 NOTE
r-release-macos-x86_64 0.1.0 NOTE
r-release-windows-ix86+x86_64 0.1.0 6.00 41.00 47.00 NOTE
r-oldrel-macos-x86_64 0.1.0 OK
r-oldrel-windows-ix86+x86_64 0.1.0 7.00 34.00 41.00 OK

Check Details

Version: 0.1.0
Check: LazyData
Result: NOTE
     'LazyData' is specified without a 'data' directory
Flavors: r-devel-linux-x86_64-debian-clang, r-devel-linux-x86_64-debian-gcc, r-devel-linux-x86_64-fedora-clang, r-devel-linux-x86_64-fedora-gcc, r-devel-windows-x86_64-new-UL, r-devel-windows-x86_64-new-TK, r-devel-windows-x86_64-old, r-patched-linux-x86_64, r-patched-solaris-x86, r-release-linux-x86_64, r-release-macos-arm64, r-release-macos-x86_64, r-release-windows-ix86+x86_64