CRAN Package Check Results for Package tune

Last updated on 2021-08-05 22:55:15 CEST.

Flavor Version Tinstall Tcheck Ttotal Status Flags
r-devel-linux-x86_64-debian-clang 0.1.6 26.83 165.67 192.50 OK
r-devel-linux-x86_64-debian-gcc 0.1.6 21.60 122.64 144.24 OK
r-devel-linux-x86_64-fedora-clang 0.1.6 229.67 NOTE
r-devel-linux-x86_64-fedora-gcc 0.1.6 220.01 OK
r-devel-windows-x86_64 0.1.6 34.00 142.00 176.00 OK
r-devel-windows-x86_64-gcc10-UCRT 0.1.6 ERROR
r-patched-linux-x86_64 0.1.6 22.12 156.09 178.21 OK
r-patched-solaris-x86 0.1.6 299.40 OK
r-release-linux-x86_64 0.1.6 21.24 156.72 177.96 OK
r-release-macos-arm64 0.1.6 OK
r-release-macos-x86_64 0.1.6 OK
r-release-windows-ix86+x86_64 0.1.6 47.00 148.00 195.00 OK
r-oldrel-macos-x86_64 0.1.6 OK
r-oldrel-windows-ix86+x86_64 0.1.6 49.00 190.00 239.00 OK

Check Details

Version: 0.1.6
Check: package dependencies
Result: NOTE
    Imports includes 21 non-default packages.
    Importing from so many packages makes the package vulnerable to any of
    them becoming unavailable. Move as many as possible to Suggests and
    use conditionally.
Flavor: r-devel-linux-x86_64-fedora-clang

Version: 0.1.6
Check: package dependencies
Result: ERROR
    Packages required but not available:
     'cli', 'dials', 'dplyr', 'ggplot2', 'hardhat', 'parsnip', 'recipes',
     'rsample', 'tibble', 'tidyr', 'workflows', 'yardstick'
    
    Package suggested but not available for checking: 'testthat'
    
    See section 'The DESCRIPTION file' in the 'Writing R Extensions'
    manual.
Flavor: r-devel-windows-x86_64-gcc10-UCRT