CRAN Package Check Results for Package tuneR

Last updated on 2021-06-12 22:55:25 CEST.

Flavor Version Tinstall Tcheck Ttotal Status Flags
r-devel-linux-x86_64-debian-clang 1.3.3 16.53 60.06 76.59 OK
r-devel-linux-x86_64-debian-gcc 1.3.3 10.83 45.36 56.19 OK
r-devel-linux-x86_64-fedora-clang 1.3.3 98.61 OK
r-devel-linux-x86_64-fedora-gcc 1.3.3 87.28 OK
r-devel-windows-x86_64 1.3.3 28.00 79.00 107.00 OK
r-devel-windows-x86_64-gcc10-UCRT 1.3.3 OK
r-patched-linux-x86_64 1.3.3 14.66 58.20 72.86 OK
r-patched-solaris-x86 1.3.3 110.50 OK
r-release-linux-x86_64 1.3.3 11.51 57.37 68.88 OK
r-release-macos-arm64 1.3.3 OK
r-release-macos-x86_64 1.3.3 WARN
r-release-windows-ix86+x86_64 1.3.3 32.00 105.00 137.00 OK
r-oldrel-macos-x86_64 1.3.3 WARN
r-oldrel-windows-ix86+x86_64 1.3.3 33.00 104.00 137.00 OK

Additional issues

clang-UBSAN gcc11

Check Details

Version: 1.3.3
Check: whether package can be installed
Result: WARN
    Found the following significant warnings:
     frame.c:147:21: warning: result of comparison of constant 4 with expression of type 'enum mad_layer' is always false [-Wtautological-constant-out-of-range-compare]
Flavors: r-release-macos-x86_64, r-oldrel-macos-x86_64