CRAN Package Check Results for Package tuneRanger

Last updated on 2023-09-29 21:54:09 CEST.

Flavor Version Tinstall Tcheck Ttotal Status Flags
r-devel-linux-x86_64-debian-clang 0.5 15.04 147.80 162.84 NOTE
r-devel-linux-x86_64-debian-gcc 0.5 10.50 109.96 120.46 NOTE
r-devel-linux-x86_64-fedora-clang 0.5 192.90 NOTE
r-devel-linux-x86_64-fedora-gcc 0.5 187.89 NOTE
r-devel-windows-x86_64 0.5 12.00 120.00 132.00 NOTE
r-patched-linux-x86_64 0.5 13.00 138.18 151.18 NOTE
r-release-linux-x86_64 0.5 12.63 138.32 150.95 ERROR
r-release-macos-arm64 0.5 59.00 NOTE
r-release-macos-x86_64 0.5 95.00 NOTE
r-release-windows-x86_64 0.5 16.00 154.00 170.00 NOTE
r-oldrel-macos-arm64 0.5 75.00 NOTE
r-oldrel-macos-x86_64 0.5 126.00 NOTE
r-oldrel-windows-x86_64 0.5 18.00 153.00 171.00 NOTE

Check Details

Version: 0.5
Check: LazyData
Result: NOTE
     'LazyData' is specified without a 'data' directory
Flavors: r-devel-linux-x86_64-debian-clang, r-devel-linux-x86_64-debian-gcc, r-devel-linux-x86_64-fedora-clang, r-devel-linux-x86_64-fedora-gcc, r-devel-windows-x86_64, r-patched-linux-x86_64, r-release-linux-x86_64, r-release-macos-arm64, r-release-macos-x86_64, r-release-windows-x86_64, r-oldrel-macos-arm64, r-oldrel-macos-x86_64, r-oldrel-windows-x86_64

Version: 0.5
Check: Rd cross-references
Result: NOTE
    Undeclared package ‘randomForest’ in Rd xrefs
Flavor: r-devel-linux-x86_64-fedora-clang

Version: 0.5
Check: tests
Result: ERROR
     Running ‘testthat.R’ [25s/31s]
    Running the tests in ‘tests/testthat.R’ failed.
    Complete output:
     > library(testthat)
     > library(tuneRanger)
     Loading required package: ranger
     Loading required package: mlrMBO
     Loading required package: mlr
     Loading required package: ParamHelpers
     Warning message: 'mlr' is in 'maintenance-only' mode since July 2019.
     Future development will only happen in 'mlr3'
     (<https://mlr3.mlr-org.com>). Due to the focus on 'mlr3' there might be
     uncaught bugs meanwhile in {mlr} - please consider switching.
     Loading required package: smoof
     Loading required package: checkmate
     Loading required package: parallel
     Loading required package: lubridate
    
     Attaching package: 'lubridate'
    
     The following objects are masked from 'package:base':
    
     date, intersect, setdiff, union
    
     Loading required package: lhs
     >
     > test_check("tuneRanger")
     Approximated time for tuning: 55Smtry = 2 OOB error = 0.03486359
     Searching left ...
     mtry = 1 OOB error = 0.03537363
     -0.01462964 0.05
     Searching right ...
     mtry = 4 OOB error = 0.0338478
     0.02913619 0.05
     mtry = 3 OOB error = 10.95131
     Searching left ...
     mtry = 2 OOB error = 12.24101
     -0.1177662 0.05
     Searching right ...
     mtry = 6 OOB error = 10.86996
     0.007428535 0.05
     mtry = 3 OOB error = 0.4450966
     Searching left ...
     mtry = 2 OOB error = 0.4418781
     0.007230966 0.05
     Searching right ...
     mtry = 6 OOB error = 0.3966301
     0.1088898 0.05
     mtry = 9 OOB error = 0.3963461
     0.0007159905 0.05
     Error: mtry can not be larger than number of variables in data. Ranger will EXIT now.
     [ FAIL 1 | WARN 0 | SKIP 0 | PASS 6 ]
    
     ══ Failed tests ════════════════════════════════════════════════════════════════
     ── Error ('test_base.R:46:3'): tuneMtryFast ────────────────────────────────────
     Error in `ranger(formula, data, dependent.variable.name = dependent.variable.name,
     mtry = res[which.min(res[, 2]), 1], ...)`: User interrupt or internal error.
     Backtrace:
     ▆
     1. └─mlr::train(learner, lung.task) at test_base.R:46:2
     2. ├─mlr:::measureTime(...)
     3. │ └─base::force(expr)
     4. ├─base (local) fun1(...)
     5. ├─base (local) fun2(fun3(do.call(trainLearner, pars)))
     6. ├─base (local) fun3(do.call(trainLearner, pars))
     7. ├─base::do.call(trainLearner, pars)
     8. ├─mlr (local) `<fn>`(.learner = `<srv.tnMF>`, .task = `<SurvTask>`, .subset = NULL)
     9. └─tuneRanger:::trainLearner.surv.tuneMtryFast(...)
     10. └─tuneRanger::tuneMtryFast(...)
     11. └─ranger::ranger(...)
    
     [ FAIL 1 | WARN 0 | SKIP 0 | PASS 6 ]
     Error: Test failures
     Execution halted
Flavor: r-release-linux-x86_64