CRAN Package Check Results for Package tvReg

Last updated on 2024-06-13 22:49:49 CEST.

Flavor Version Tinstall Tcheck Ttotal Status Flags
r-devel-linux-x86_64-debian-clang 0.5.9 13.31 470.44 483.75 OK
r-devel-linux-x86_64-debian-gcc 0.5.9 0.43 1.76 2.19 ERROR
r-devel-linux-x86_64-fedora-clang 0.5.9 595.17 OK
r-devel-linux-x86_64-fedora-gcc 0.5.9 530.48 OK
r-devel-windows-x86_64 0.5.9 14.00 317.00 331.00 OK
r-patched-linux-x86_64 0.5.9 16.01 446.63 462.64 OK
r-release-linux-x86_64 0.5.9 13.32 453.90 467.22 OK
r-release-macos-arm64 0.5.9 154.00 OK
r-release-macos-x86_64 0.5.9 249.00 OK
r-release-windows-x86_64 0.5.9 15.00 310.00 325.00 OK
r-oldrel-macos-arm64 0.5.9 149.00 OK
r-oldrel-macos-x86_64 0.5.9 283.00 OK
r-oldrel-windows-x86_64 0.5.9 19.00 409.00 428.00 OK

Check Details

Version: 0.5.9
Check: package dependencies
Result: ERROR Package required but not available: ‘systemfit’ See section ‘The DESCRIPTION file’ in the ‘Writing R Extensions’ manual. Flavor: r-devel-linux-x86_64-debian-gcc