CRAN Package Check Results for Package tweenr

Last updated on 2021-07-22 22:52:22 CEST.

Flavor Version Tinstall Tcheck Ttotal Status Flags
r-devel-linux-x86_64-debian-clang 1.0.2 35.39 40.38 75.77 NOTE
r-devel-linux-x86_64-debian-gcc 1.0.2 20.73 31.46 52.19 NOTE
r-devel-linux-x86_64-fedora-clang 1.0.2 110.59 NOTE
r-devel-linux-x86_64-fedora-gcc 1.0.2 87.83 NOTE
r-devel-windows-x86_64 1.0.2 30.00 53.00 83.00 NOTE
r-devel-windows-x86_64-gcc10-UCRT 1.0.2 NOTE
r-patched-linux-x86_64 1.0.2 NOTE
r-patched-solaris-x86 1.0.2 104.40 NOTE
r-release-linux-x86_64 1.0.2 25.59 39.04 64.63 NOTE
r-release-macos-arm64 1.0.2 NOTE
r-release-macos-x86_64 1.0.2 NOTE
r-release-windows-ix86+x86_64 1.0.2 66.00 83.00 149.00 NOTE
r-oldrel-macos-x86_64 1.0.2 OK
r-oldrel-windows-ix86+x86_64 1.0.2 89.00 87.00 176.00 OK

Check Details

Version: 1.0.2
Check: LazyData
Result: NOTE
     'LazyData' is specified without a 'data' directory
Flavors: r-devel-linux-x86_64-debian-clang, r-devel-linux-x86_64-debian-gcc, r-devel-linux-x86_64-fedora-clang, r-devel-linux-x86_64-fedora-gcc, r-devel-windows-x86_64, r-devel-windows-x86_64-gcc10-UCRT, r-patched-linux-x86_64, r-patched-solaris-x86, r-release-linux-x86_64, r-release-macos-arm64, r-release-macos-x86_64, r-release-windows-ix86+x86_64