CRAN Package Check Results for Package twn

Last updated on 2024-02-23 23:10:22 CET.

Flavor Version Tinstall Tcheck Ttotal Status Flags
r-devel-linux-x86_64-debian-clang 0.2.4 OK
r-devel-linux-x86_64-debian-gcc 0.2.4 7.77 44.93 52.70 OK
r-devel-linux-x86_64-fedora-clang 0.2.4 88.61 NOTE
r-devel-linux-x86_64-fedora-gcc 0.2.4 94.69 NOTE
r-devel-windows-x86_64 0.2.4 11.00 70.00 81.00 OK
r-patched-linux-x86_64 0.2.4 10.91 57.66 68.57 OK
r-release-linux-x86_64 0.2.4 11.06 56.30 67.36 OK
r-release-macos-arm64 0.2.4 42.00 OK
r-release-macos-x86_64 0.2.4 81.00 OK
r-release-windows-x86_64 0.2.4 15.00 77.00 92.00 OK
r-oldrel-macos-arm64 0.2.4 36.00 OK
r-oldrel-windows-x86_64 0.2.4 16.00 79.00 95.00 OK

Check Details

Version: 0.2.4
Check: data for non-ASCII characters
Result: NOTE Note: found 9 marked UTF-8 strings Flavors: r-devel-linux-x86_64-fedora-clang, r-devel-linux-x86_64-fedora-gcc