CRAN Package Check Results for Package twosamples

Last updated on 2021-07-30 22:57:47 CEST.

Flavor Version Tinstall Tcheck Ttotal Status Flags
r-devel-linux-x86_64-debian-clang 1.1.1 NOTE
r-devel-linux-x86_64-debian-gcc 1.1.1 13.63 22.89 36.52 NOTE
r-devel-linux-x86_64-fedora-clang 1.1.1 73.85 NOTE
r-devel-linux-x86_64-fedora-gcc 1.1.1 58.78 NOTE
r-devel-windows-x86_64 1.1.1 23.00 54.00 77.00 NOTE
r-devel-windows-x86_64-gcc10-UCRT 1.1.1 NOTE
r-patched-linux-x86_64 1.1.1 NOTE
r-patched-solaris-x86 1.1.1 78.40 NOTE
r-release-linux-x86_64 1.1.1 16.42 28.34 44.76 NOTE
r-release-macos-arm64 1.1.1 NOTE
r-release-macos-x86_64 1.1.1 NOTE
r-release-windows-ix86+x86_64 1.1.1 50.00 56.00 106.00 NOTE
r-oldrel-macos-x86_64 1.1.1 OK
r-oldrel-windows-ix86+x86_64 1.1.1 40.00 75.00 115.00 OK

Check Details

Version: 1.1.1
Check: LazyData
Result: NOTE
     'LazyData' is specified without a 'data' directory
Flavors: r-devel-linux-x86_64-debian-clang, r-devel-linux-x86_64-debian-gcc, r-devel-linux-x86_64-fedora-clang, r-devel-linux-x86_64-fedora-gcc, r-devel-windows-x86_64, r-devel-windows-x86_64-gcc10-UCRT, r-patched-linux-x86_64, r-patched-solaris-x86, r-release-linux-x86_64, r-release-macos-arm64, r-release-macos-x86_64, r-release-windows-ix86+x86_64