CRAN Package Check Results for Package uCAREChemSuiteCLI

Last updated on 2021-10-17 22:48:53 CEST.

Flavor Version Tinstall Tcheck Ttotal Status Flags
r-devel-linux-x86_64-debian-clang 0.2.0 7.16 62.74 69.90 NOTE
r-devel-linux-x86_64-debian-gcc 0.2.0 5.84 47.04 52.88 NOTE
r-devel-linux-x86_64-fedora-clang 0.2.0 95.28 NOTE
r-devel-linux-x86_64-fedora-gcc 0.2.0 79.65 NOTE
r-devel-windows-x86_64 0.2.0 14.00 68.00 82.00 NOTE
r-devel-windows-x86_64-gcc10-UCRT 0.2.0 NOTE
r-patched-linux-x86_64 0.2.0 7.50 58.56 66.06 NOTE
r-release-linux-x86_64 0.2.0 7.16 59.19 66.35 NOTE
r-release-macos-arm64 0.2.0 NOTE
r-release-macos-x86_64 0.2.0 ERROR
r-release-windows-ix86+x86_64 0.2.0 16.00 81.00 97.00 NOTE
r-oldrel-macos-x86_64 0.2.0 ERROR
r-oldrel-windows-ix86+x86_64 0.2.0 19.00 94.00 113.00 OK

Check Details

Version: 0.2.0
Check: LazyData
Result: NOTE
     'LazyData' is specified without a 'data' directory
Flavors: r-devel-linux-x86_64-debian-clang, r-devel-linux-x86_64-debian-gcc, r-devel-linux-x86_64-fedora-clang, r-devel-linux-x86_64-fedora-gcc, r-devel-windows-x86_64, r-devel-windows-x86_64-gcc10-UCRT, r-patched-linux-x86_64, r-release-linux-x86_64, r-release-macos-arm64, r-release-windows-ix86+x86_64

Version: 0.2.0
Check: package dependencies
Result: ERROR
    Package required but not available: ‘ChemmineR’
    
    See section ‘The DESCRIPTION file’ in the ‘Writing R Extensions’
    manual.
Flavors: r-release-macos-x86_64, r-oldrel-macos-x86_64