CRAN Package Check Results for Package uCAREChemSuiteCLI

Last updated on 2021-07-31 22:53:54 CEST.

Flavor Version Tinstall Tcheck Ttotal Status Flags
r-devel-linux-x86_64-debian-clang 0.2.0 6.59 63.39 69.98 NOTE
r-devel-linux-x86_64-debian-gcc 0.2.0 5.98 47.14 53.12 NOTE
r-devel-linux-x86_64-fedora-clang 0.2.0 89.91 NOTE
r-devel-linux-x86_64-fedora-gcc 0.2.0 79.01 NOTE
r-devel-windows-x86_64 0.2.0 9.00 80.00 89.00 NOTE
r-devel-windows-x86_64-gcc10-UCRT 0.2.0 NOTE
r-patched-linux-x86_64 0.2.0 NOTE
r-release-linux-x86_64 0.2.0 7.45 59.04 66.49 NOTE
r-release-macos-arm64 0.2.0 ERROR
r-release-macos-x86_64 0.2.0 ERROR
r-release-windows-ix86+x86_64 0.2.0 18.00 59.00 77.00 NOTE
r-oldrel-macos-x86_64 0.2.0 ERROR
r-oldrel-windows-ix86+x86_64 0.2.0 14.00 80.00 94.00 OK

Check Details

Version: 0.2.0
Check: LazyData
Result: NOTE
     'LazyData' is specified without a 'data' directory
Flavors: r-devel-linux-x86_64-debian-clang, r-devel-linux-x86_64-debian-gcc, r-devel-linux-x86_64-fedora-clang, r-devel-linux-x86_64-fedora-gcc, r-devel-windows-x86_64, r-devel-windows-x86_64-gcc10-UCRT, r-patched-linux-x86_64, r-release-linux-x86_64, r-release-windows-ix86+x86_64

Version: 0.2.0
Check: package dependencies
Result: ERROR
    Package required but not available: ‘ChemmineR’
    
    See section ‘The DESCRIPTION file’ in the ‘Writing R Extensions’
    manual.
Flavors: r-release-macos-arm64, r-release-macos-x86_64, r-oldrel-macos-x86_64