Last updated on 2024-04-17 23:00:14 CEST.
Flavor | Version | Tinstall | Tcheck | Ttotal | Status | Flags |
---|---|---|---|---|---|---|
r-devel-linux-x86_64-debian-clang | 2.0.3 | 19.75 | 175.65 | 195.40 | OK | |
r-devel-linux-x86_64-debian-gcc | 2.0.3 | 16.42 | 127.19 | 143.61 | OK | |
r-devel-linux-x86_64-fedora-clang | 2.0.3 | 244.78 | NOTE | |||
r-devel-linux-x86_64-fedora-gcc | 2.0.3 | 242.57 | OK | |||
r-prerel-macos-arm64 | 2.0.3 | 83.00 | NOTE | |||
r-prerel-macos-x86_64 | 2.0.3 | 204.00 | NOTE | |||
r-prerel-windows-x86_64 | 2.0.3 | 19.00 | 154.00 | 173.00 | NOTE | |
r-patched-linux-x86_64 | 2.0.3 | 15.12 | 166.20 | 181.32 | OK | |
r-release-linux-x86_64 | 2.0.3 | 13.78 | 165.57 | 179.35 | OK | |
r-release-macos-arm64 | 2.0.3 | 85.00 | NOTE | |||
r-release-macos-x86_64 | 2.0.3 | 227.00 | NOTE | |||
r-release-windows-x86_64 | 2.0.3 | 26.00 | 187.00 | 213.00 | NOTE | |
r-oldrel-macos-arm64 | 2.0.3 | 83.00 | NOTE | |||
r-oldrel-windows-x86_64 | 2.0.3 | 27.00 | 179.00 | 206.00 | NOTE |
Version: 2.0.3
Check: package dependencies
Result: NOTE
Imports includes 21 non-default packages.
Importing from so many packages makes the package vulnerable to any of
them becoming unavailable. Move as many as possible to Suggests and
use conditionally.
Flavor: r-devel-linux-x86_64-fedora-clang
Version: 2.0.3
Check: installed package size
Result: NOTE
installed size is 7.3Mb
sub-directories of 1Mb or more:
doc 4.5Mb
ubinc 2.0Mb
Flavors: r-devel-linux-x86_64-fedora-clang, r-prerel-macos-arm64, r-prerel-macos-x86_64, r-prerel-windows-x86_64, r-release-macos-arm64, r-release-macos-x86_64, r-release-windows-x86_64, r-oldrel-macos-arm64, r-oldrel-windows-x86_64