CRAN Package Check Results for Package ubiquity

Last updated on 2021-10-26 22:58:20 CEST.

Flavor Version Tinstall Tcheck Ttotal Status Flags
r-devel-linux-x86_64-debian-clang 2.0.0 19.84 135.06 154.90 OK
r-devel-linux-x86_64-debian-gcc 2.0.0 15.40 99.86 115.26 OK
r-devel-linux-x86_64-fedora-clang 2.0.0 194.01 NOTE
r-devel-linux-x86_64-fedora-gcc 2.0.0 183.24 OK
r-devel-windows-x86_64 2.0.0 30.00 207.00 237.00 NOTE
r-devel-windows-x86_64-gcc10-UCRT 2.0.0 OK
r-patched-linux-x86_64 2.0.0 19.04 142.23 161.27 OK
r-patched-solaris-x86 2.0.0 218.10 NOTE
r-release-linux-x86_64 2.0.0 19.09 140.56 159.65 OK
r-release-macos-arm64 2.0.0 NOTE
r-release-macos-x86_64 2.0.0 NOTE
r-release-windows-ix86+x86_64 2.0.0 24.00 169.00 193.00 NOTE
r-oldrel-macos-x86_64 2.0.0 NOTE
r-oldrel-windows-ix86+x86_64 2.0.0 38.00 197.00 235.00 NOTE

Check Details

Version: 2.0.0
Check: installed package size
Result: NOTE
     installed size is 10.0Mb
     sub-directories of 1Mb or more:
     doc 7.1Mb
     ubinc 2.0Mb
Flavors: r-devel-linux-x86_64-fedora-clang, r-devel-windows-x86_64, r-patched-solaris-x86, r-release-macos-arm64, r-release-macos-x86_64, r-release-windows-ix86+x86_64, r-oldrel-macos-x86_64, r-oldrel-windows-ix86+x86_64