CRAN Package Check Results for Package uchardet

Last updated on 2021-06-15 01:50:42 CEST.

Flavor Version Tinstall Tcheck Ttotal Status Flags
r-devel-linux-x86_64-debian-clang 1.1.0 8.23 25.24 33.47 NOTE
r-devel-linux-x86_64-debian-gcc 1.1.0 5.14 20.31 25.45 NOTE
r-devel-linux-x86_64-fedora-clang 1.1.0 50.91 NOTE
r-devel-linux-x86_64-fedora-gcc 1.1.0 39.91 NOTE
r-devel-windows-x86_64 1.1.0 19.00 51.00 70.00 NOTE
r-devel-windows-x86_64-gcc10-UCRT 1.1.0 NOTE
r-patched-linux-x86_64 1.1.0 6.56 24.43 30.99 NOTE
r-patched-solaris-x86 1.1.0 67.70 WARN
r-release-linux-x86_64 1.1.0 6.39 24.40 30.79 NOTE
r-release-macos-arm64 1.1.0 NOTE
r-release-macos-x86_64 1.1.0 NOTE
r-release-windows-ix86+x86_64 1.1.0 31.00 60.00 91.00 NOTE
r-oldrel-macos-x86_64 1.1.0 NOTE
r-oldrel-windows-ix86+x86_64 1.1.0 26.00 55.00 81.00 NOTE

Check Details

Version: 1.1.0
Check: for GNU extensions in Makefiles
Result: NOTE
    GNU make is a SystemRequirements.
Flavors: r-devel-linux-x86_64-debian-clang, r-devel-linux-x86_64-debian-gcc, r-devel-linux-x86_64-fedora-clang, r-devel-linux-x86_64-fedora-gcc, r-devel-windows-x86_64, r-devel-windows-x86_64-gcc10-UCRT, r-patched-linux-x86_64, r-patched-solaris-x86, r-release-linux-x86_64, r-release-macos-arm64, r-release-macos-x86_64, r-release-windows-ix86+x86_64, r-oldrel-macos-x86_64, r-oldrel-windows-ix86+x86_64

Version: 1.1.0
Check: re-building of vignette outputs
Result: WARN
    Error(s) in re-building vignettes:
     ...
    --- re-building ‘uchardet.Rmd’ using rmarkdown
    Warning in engine$weave(file, quiet = quiet, encoding = enc) :
     Pandoc (>= 1.12.3) not available. Falling back to R Markdown v1.
    Quitting from lines 78-87 (uchardet.Rmd)
    Error: processing vignette 'uchardet.Rmd' failed with diagnostics:
    input string 1 is invalid UTF-8
    --- failed re-building ‘uchardet.Rmd’
    
    SUMMARY: processing the following file failed:
     ‘uchardet.Rmd’
    
    Error: Vignette re-building failed.
    Execution halted
Flavor: r-patched-solaris-x86