CRAN Package Check Results for Package uniformly

Last updated on 2019-09-18 22:52:53 CEST.

Flavor Version Tinstall Tcheck Ttotal Status Flags
r-devel-linux-x86_64-debian-clang 0.1.0 2.29 23.75 26.04 OK
r-devel-linux-x86_64-debian-gcc 0.1.0 2.04 19.01 21.05 OK
r-devel-linux-x86_64-fedora-clang 0.1.0 33.05 OK
r-devel-linux-x86_64-fedora-gcc 0.1.0 33.40 OK
r-devel-windows-ix86+x86_64 0.1.0 9.00 58.00 67.00 OK
r-patched-linux-x86_64 0.1.0 2.11 23.61 25.72 OK
r-patched-solaris-x86 0.1.0 48.00 WARN
r-release-linux-x86_64 0.1.0 2.11 23.34 25.45 OK
r-release-windows-ix86+x86_64 0.1.0 6.00 59.00 65.00 OK
r-release-osx-x86_64 0.1.0 WARN
r-oldrel-windows-ix86+x86_64 0.1.0 4.00 38.00 42.00 OK
r-oldrel-osx-x86_64 0.1.0 WARN

Check Details

Version: 0.1.0
Check: re-building of vignette outputs
Result: WARN
    Error(s) in re-building vignettes:
     ...
    --- re-building ‘convexhull.Rmd’ using rmarkdown
    Warning in engine$weave(file, quiet = quiet, encoding = enc) :
     Pandoc (>= 1.12.3) and/or pandoc-citeproc not available. Falling back to R Markdown v1.
    Quitting from lines 93-98 (convexhull.Rmd)
    Error: processing vignette 'convexhull.Rmd' failed with diagnostics:
    cannot open the connection
    --- failed re-building ‘convexhull.Rmd’
    
    SUMMARY: processing the following file failed:
     ‘convexhull.Rmd’
    
    Error: Vignette re-building failed.
    Execution halted
Flavors: r-patched-solaris-x86, r-release-osx-x86_64

Version: 0.1.0
Check: re-building of vignette outputs
Result: WARN
    Error in re-building vignettes:
     ...
    Warning in engine$weave(file, quiet = quiet, encoding = enc) :
     Pandoc (>= 1.12.3) and/or pandoc-citeproc not available. Falling back to R Markdown v1.
    Loading required package: magic
    Loading required package: abind
    
     PLEASE NOTE: As of version 0.3-5, no degenerate (zero area)
     regions are returned with the "Qt" option since the R
     code removes them from the triangulation.
     See help("delaunayn").
    
    
    Quitting from lines 93-98 (convexhull.Rmd)
    Error: processing vignette 'convexhull.Rmd' failed with diagnostics:
    cannot open the connection
    Execution halted
Flavor: r-oldrel-osx-x86_64