CRAN Package Check Results for Package unikn

Last updated on 2021-12-03 22:58:00 CET.

Flavor Version Tinstall Tcheck Ttotal Status Flags
r-devel-linux-x86_64-debian-clang 0.4.0 7.48 70.97 78.45 OK
r-devel-linux-x86_64-debian-gcc 0.4.0 6.29 50.46 56.75 ERROR
r-devel-linux-x86_64-fedora-clang 0.4.0 105.68 OK
r-devel-linux-x86_64-fedora-gcc 0.4.0 93.21 OK
r-devel-windows-x86_64-new-UL 0.4.0 20.00 135.00 155.00 OK
r-devel-windows-x86_64-new-TK 0.4.0 OK
r-devel-windows-x86_64-old 0.4.0 13.00 77.00 90.00 OK
r-patched-linux-x86_64 0.4.0 7.76 69.47 77.23 OK
r-release-linux-x86_64 0.4.0 5.69 70.15 75.84 OK
r-release-macos-arm64 0.4.0 OK
r-release-macos-x86_64 0.4.0 OK
r-release-windows-ix86+x86_64 0.4.0 17.00 102.00 119.00 OK
r-oldrel-macos-x86_64 0.4.0 OK
r-oldrel-windows-ix86+x86_64 0.4.0 18.00 105.00 123.00 OK

Check Details

Version: 0.4.0
Check: examples
Result: ERROR
    Running examples in ‘unikn-Ex.R’ failed
    The error most likely occurred in:
    
    > base::assign(".ptime", proc.time(), pos = "CheckExEnv")
    > ### Name: grepal
    > ### Title: Get a vector of colors whose names match a regular expression.
    > ### Aliases: grepal
    >
    > ### ** Examples
    >
    > grepal("cyan")
     [1] "cyan" "cyan1" "cyan2" "cyan3" "cyan4"
     [6] "darkcyan" "lightcyan" "lightcyan1" "lightcyan2" "lightcyan3"
    [11] "lightcyan4"
    >
    > # With regular expressions:
    > some_grey <- grepal("gr(a|e)y")
    > start_grey <- grepal("^gr(a|e)y")
    > only_grey <- grepal("^gr(a|e)y$")
    >
    > length(some_grey)
    [1] 224
    > length(only_grey)
    [1] 2
    >
    > # With other color objects (df as x):
    > grepal("blau", x = pal_unikn)
    data frame with 0 columns and 1 row
    > grepal("SEE", x = pal_unikn_pref)
    data frame with 0 columns and 1 row
    >
    > # Applications:
    > seecol(grepal("white"), col_bg = "lightblue2", title = "See 'white' colors()")
    >
    > olives <- grepal("olive")
    > oranges <- grepal("orange")
    > seecol(list(olives, oranges),
    + pal_names = c("olives", "oranges"),
    + title = "Comparing olives and oranges")
    >
    > seecol(grepal("SEE", pal_unikn), title = "All 'SEE' colors in pal_unikn")
    Error in if (!pal %in% keys) { : argument is of length zero
    Calls: seecol -> getpal_key
    Execution halted
Flavor: r-devel-linux-x86_64-debian-gcc

Version: 0.4.0
Check: re-building of vignette outputs
Result: WARN
    Error(s) in re-building vignettes:
     ...
    --- re-building ‘color_inst.Rmd’ using rmarkdown
    Welcome to unikn (v0.4.0)!
    unikn.guide() opens user guides.
    --- finished re-building ‘color_inst.Rmd’
    
    --- re-building ‘color_recipes.Rmd’ using rmarkdown
    Quitting from lines 277-294 (color_recipes.Rmd)
    Error: processing vignette ‘color_recipes.Rmd’ failed with diagnostics:
    attempt to set an attribute on NULL
    --- failed re-building ‘color_recipes.Rmd’
    
    --- re-building ‘colors.Rmd’ using rmarkdown
    Quitting from lines 384-387 (colors.Rmd)
    Error: processing vignette ‘colors.Rmd’ failed with diagnostics:
    argument is of length zero
    --- failed re-building ‘colors.Rmd’
    
    --- re-building ‘text.Rmd’ using rmarkdown
    Minimum y of layout is 0.05, while y_bot = 0.054
    --- finished re-building ‘text.Rmd’
    
    SUMMARY: processing the following files failed:
     ‘color_recipes.Rmd’ ‘colors.Rmd’
    
    Error: Vignette re-building failed.
    Execution halted
Flavor: r-devel-linux-x86_64-debian-gcc