Last updated on 2023-09-29 21:54:09 CEST.
Flavor | Version | Tinstall | Tcheck | Ttotal | Status | Flags |
---|---|---|---|---|---|---|
r-devel-linux-x86_64-debian-clang | 0.2.0 | 72.72 | 31.21 | 103.93 | NOTE | |
r-devel-linux-x86_64-debian-gcc | 0.2.0 | 42.65 | 24.14 | 66.79 | NOTE | |
r-devel-linux-x86_64-fedora-clang | 0.2.0 | 159.51 | NOTE | |||
r-devel-linux-x86_64-fedora-gcc | 0.2.0 | 137.03 | NOTE | |||
r-devel-windows-x86_64 | 0.2.0 | 43.00 | 64.00 | 107.00 | NOTE | |
r-patched-linux-x86_64 | 0.2.0 | 61.52 | 30.46 | 91.98 | NOTE | |
r-release-linux-x86_64 | 0.2.0 | 61.11 | 30.49 | 91.60 | NOTE | |
r-release-macos-arm64 | 0.2.0 | 39.00 | NOTE | |||
r-release-macos-x86_64 | 0.2.0 | 61.00 | NOTE | |||
r-release-windows-x86_64 | 0.2.0 | 46.00 | 73.00 | 119.00 | NOTE | |
r-oldrel-macos-arm64 | 0.2.0 | 35.00 | OK | |||
r-oldrel-macos-x86_64 | 0.2.0 | 47.00 | NOTE | |||
r-oldrel-windows-x86_64 | 0.2.0 | 65.00 | 69.00 | 134.00 | OK |
Version: 0.2.0
Check: C++ specification
Result: NOTE
Specified C++11: please drop specification unless essential
Flavors: r-devel-linux-x86_64-debian-clang, r-devel-linux-x86_64-debian-gcc, r-devel-linux-x86_64-fedora-clang, r-devel-linux-x86_64-fedora-gcc, r-devel-windows-x86_64, r-patched-linux-x86_64, r-release-linux-x86_64, r-release-macos-arm64, r-release-macos-x86_64, r-release-windows-x86_64
Version: 0.2.0
Check: data for non-ASCII characters
Result: NOTE
Note: found 548 marked UTF-8 strings
Flavors: r-devel-linux-x86_64-fedora-clang, r-devel-linux-x86_64-fedora-gcc, r-oldrel-macos-x86_64