CRAN Package Check Results for Package unisensR

Last updated on 2021-09-18 23:50:09 CEST.

Flavor Version Tinstall Tcheck Ttotal Status Flags
r-devel-linux-x86_64-debian-clang 0.3.3 2.31 34.98 37.29 NOTE
r-devel-linux-x86_64-debian-gcc 0.3.3 1.89 27.33 29.22 NOTE
r-devel-linux-x86_64-fedora-clang 0.3.3 56.87 NOTE
r-devel-linux-x86_64-fedora-gcc 0.3.3 44.74 NOTE
r-devel-windows-x86_64 0.3.3 4.00 52.00 56.00 NOTE
r-devel-windows-x86_64-gcc10-UCRT 0.3.3 NOTE
r-patched-linux-x86_64 0.3.3 2.24 33.75 35.99 NOTE
r-patched-solaris-x86 0.3.3 69.10 NOTE
r-release-linux-x86_64 0.3.3 2.35 33.78 36.13 NOTE
r-release-macos-arm64 0.3.3 NOTE
r-release-macos-x86_64 0.3.3 NOTE
r-release-windows-ix86+x86_64 0.3.3 6.00 39.00 45.00 NOTE
r-oldrel-macos-x86_64 0.3.3 OK
r-oldrel-windows-ix86+x86_64 0.3.3 6.00 39.00 45.00 OK

Check Details

Version: 0.3.3
Check: LazyData
Result: NOTE
     'LazyData' is specified without a 'data' directory
Flavors: r-devel-linux-x86_64-debian-clang, r-devel-linux-x86_64-debian-gcc, r-devel-linux-x86_64-fedora-clang, r-devel-linux-x86_64-fedora-gcc, r-devel-windows-x86_64, r-devel-windows-x86_64-gcc10-UCRT, r-patched-linux-x86_64, r-patched-solaris-x86, r-release-linux-x86_64, r-release-macos-arm64, r-release-macos-x86_64, r-release-windows-ix86+x86_64