CRAN Package Check Results for Package units

Last updated on 2021-09-22 22:56:52 CEST.

Flavor Version Tinstall Tcheck Ttotal Status Flags
r-devel-linux-x86_64-debian-clang 0.7-2 30.05 71.35 101.40 OK
r-devel-linux-x86_64-debian-gcc 0.7-2 16.15 52.70 68.85 OK
r-devel-linux-x86_64-fedora-clang 0.7-2 132.00 OK
r-devel-linux-x86_64-fedora-gcc 0.7-2 117.58 OK
r-devel-windows-x86_64 0.7-2 25.00 85.00 110.00 OK
r-devel-windows-x86_64-gcc10-UCRT 0.7-2 ERROR
r-patched-linux-x86_64 0.7-2 21.66 68.62 90.28 OK
r-patched-solaris-x86 0.7-2 145.80 OK
r-release-linux-x86_64 0.7-2 21.57 68.44 90.01 OK
r-release-macos-arm64 0.7-2 NOTE
r-release-macos-x86_64 0.7-2 NOTE
r-release-windows-ix86+x86_64 0.7-2 53.00 112.00 165.00 OK
r-oldrel-macos-x86_64 0.7-2 OK
r-oldrel-windows-ix86+x86_64 0.7-2 37.00 120.00 157.00 OK

Check Details

Version: 0.7-2
Check: package dependencies
Result: NOTE
    Package suggested but not available for checking: 'xml2'
Flavor: r-devel-windows-x86_64-gcc10-UCRT

Version: 0.7-2
Check: whether package can be installed
Result: ERROR
    Installation failed.
Flavor: r-devel-windows-x86_64-gcc10-UCRT

Version: 0.7-2
Check: package dependencies
Result: NOTE
    Package suggested but not available for checking: ‘udunits2’
Flavors: r-release-macos-arm64, r-release-macos-x86_64