CRAN Package Check Results for Package univariateML

Last updated on 2021-10-17 22:48:53 CEST.

Flavor Version Tinstall Tcheck Ttotal Status Flags
r-devel-linux-x86_64-debian-clang 1.1.0 5.83 108.29 114.12 OK
r-devel-linux-x86_64-debian-gcc 1.1.0 4.18 74.84 79.02 OK
r-devel-linux-x86_64-fedora-clang 1.1.0 144.83 NOTE
r-devel-linux-x86_64-fedora-gcc 1.1.0 134.95 NOTE
r-devel-windows-x86_64 1.1.0 10.00 128.00 138.00 OK
r-devel-windows-x86_64-gcc10-UCRT 1.1.0 NOTE
r-patched-linux-x86_64 1.1.0 9.97 105.45 115.42 OK
r-patched-solaris-x86 1.1.0 198.70 NOTE
r-release-linux-x86_64 1.1.0 4.52 103.89 108.41 OK
r-release-macos-arm64 1.1.0 NOTE
r-release-macos-x86_64 1.1.0 NOTE
r-release-windows-ix86+x86_64 1.1.0 7.00 132.00 139.00 OK
r-oldrel-macos-x86_64 1.1.0 NOTE
r-oldrel-windows-ix86+x86_64 1.1.0 10.00 154.00 164.00 OK

Check Details

Version: 1.1.0
Check: dependencies in R code
Result: NOTE
    Namespaces in Imports field not imported from:
     ‘extraDistr’ ‘logitnorm’ ‘nakagami’ ‘tibble’
     All declared Imports should be used.
Flavors: r-devel-linux-x86_64-fedora-clang, r-devel-linux-x86_64-fedora-gcc, r-devel-windows-x86_64-gcc10-UCRT, r-patched-solaris-x86, r-release-macos-arm64, r-release-macos-x86_64, r-oldrel-macos-x86_64