CRAN Package Check Results for Package unpivotr

Last updated on 2021-09-22 22:56:52 CEST.

Flavor Version Tinstall Tcheck Ttotal Status Flags
r-devel-linux-x86_64-debian-clang 0.6.2 3.24 71.63 74.87 OK
r-devel-linux-x86_64-debian-gcc 0.6.2 2.93 53.52 56.45 OK
r-devel-linux-x86_64-fedora-clang 0.6.2 96.73 OK
r-devel-linux-x86_64-fedora-gcc 0.6.2 86.49 OK
r-devel-windows-x86_64 0.6.2 4.00 75.00 79.00 OK
r-devel-windows-x86_64-gcc10-UCRT 0.6.2 ERROR
r-patched-linux-x86_64 0.6.2 3.58 69.96 73.54 OK
r-patched-solaris-x86 0.6.2 105.60 OK
r-release-linux-x86_64 0.6.2 3.05 70.06 73.11 OK
r-release-macos-arm64 0.6.2 OK
r-release-macos-x86_64 0.6.2 OK
r-release-windows-ix86+x86_64 0.6.2 7.00 70.00 77.00 OK
r-oldrel-macos-x86_64 0.6.2 OK
r-oldrel-windows-ix86+x86_64 0.6.2 5.00 78.00 83.00 OK

Check Details

Version: 0.6.2
Check: package dependencies
Result: ERROR
    Package required but not available: 'xml2'
    
    Package suggested but not available for checking: 'rvest'
    
    See section 'The DESCRIPTION file' in the 'Writing R Extensions'
    manual.
Flavor: r-devel-windows-x86_64-gcc10-UCRT