CRAN Package Check Results for Package unvotes

Last updated on 2019-09-17 22:48:22 CEST.

Flavor Version Tinstall Tcheck Ttotal Status Flags
r-devel-linux-x86_64-debian-clang 0.2.0 5.66 52.01 57.67 OK
r-devel-linux-x86_64-debian-gcc 0.2.0 4.94 44.06 49.00 OK
r-devel-linux-x86_64-fedora-clang 0.2.0 77.46 NOTE
r-devel-linux-x86_64-fedora-gcc 0.2.0 77.48 NOTE
r-devel-windows-ix86+x86_64 0.2.0 14.00 79.00 93.00 OK
r-patched-linux-x86_64 0.2.0 5.11 50.25 55.36 OK
r-patched-solaris-x86 0.2.0 114.70 NOTE
r-release-linux-x86_64 0.2.0 5.82 53.25 59.07 OK
r-release-windows-ix86+x86_64 0.2.0 9.00 102.00 111.00 OK
r-release-osx-x86_64 0.2.0 NOTE
r-oldrel-windows-ix86+x86_64 0.2.0 11.00 132.00 143.00 OK
r-oldrel-osx-x86_64 0.2.0 NOTE

Check Details

Version: 0.2.0
Check: data for non-ASCII characters
Result: NOTE
     Note: found 4494 marked UTF-8 strings
Flavors: r-devel-linux-x86_64-fedora-clang, r-devel-linux-x86_64-fedora-gcc, r-patched-solaris-x86, r-release-osx-x86_64, r-oldrel-osx-x86_64