CRAN Package Check Results for Package updog

Last updated on 2021-07-23 22:53:25 CEST.

Flavor Version Tinstall Tcheck Ttotal Status Flags
r-devel-linux-x86_64-debian-clang 2.0.2 127.76 105.60 233.36 OK
r-devel-linux-x86_64-debian-gcc 2.0.2 86.87 76.83 163.70 OK
r-devel-linux-x86_64-fedora-clang 2.0.2 312.44 OK
r-devel-linux-x86_64-fedora-gcc 2.0.2 285.27 OK
r-devel-windows-x86_64 2.0.2 113.00 132.00 245.00 OK
r-devel-windows-x86_64-gcc10-UCRT 2.0.2 OK
r-patched-linux-x86_64 2.0.2 103.84 99.98 203.82 OK
r-patched-solaris-x86 2.0.2 346.00 OK
r-release-linux-x86_64 2.0.2 99.07 99.21 198.28 OK
r-release-macos-arm64 2.0.2 FAIL
r-release-macos-x86_64 2.0.2 OK
r-release-windows-ix86+x86_64 2.0.2 291.00 163.00 454.00 OK
r-oldrel-macos-x86_64 2.0.2 OK
r-oldrel-windows-ix86+x86_64 2.0.2 296.00 197.00 493.00 OK

Additional issues

M1mac

Check Details

Version: 2.0.2
Check: installed package size
Result: NOTE
     installed size is 5.4Mb
     sub-directories of 1Mb or more:
     libs 4.7Mb
Flavor: r-release-macos-arm64

Version: 2.0.2
Check: tests
Result: FAIL
Flavor: r-release-macos-arm64